{"id":1357,"date":"2016-05-02T05:39:50","date_gmt":"2016-05-02T03:39:50","guid":{"rendered":"http:\/\/pymessoft.com\/web\/?page_id=1357"},"modified":"2024-10-25T21:28:31","modified_gmt":"2024-10-25T19:28:31","slug":"presupuesto-pagina-web","status":"publish","type":"page","link":"https:\/\/pymessoft.com\/web\/contacto\/presupuesto-pagina-web\/","title":{"rendered":"Solicita tu presupuesto p\u00e1gina web a Medida"},"content":{"rendered":"\n<div class=\"wp-block-media-text has-media-on-the-right is-stacked-on-mobile\" style=\"grid-template-columns:auto 20%\"><div class=\"wp-block-media-text__content\">\n<p>Para poder realizar un <strong>presupuesto p\u00e1gina web<\/strong> adaptado a las necesidades de tu empresa, es esencial que nos proporciones algunos datos clave. Esto nos permitir\u00e1 ofrecerte una propuesta personalizada que se ajuste a tus requisitos y objetivos espec\u00edficos.<\/p>\n<\/div><figure class=\"wp-block-media-text__media\"><img loading=\"lazy\" decoding=\"async\" width=\"400\" height=\"400\" src=\"https:\/\/pymessoft.com\/web\/wp-content\/uploads\/2024\/10\/presupuesto_pagina_web.png\" alt=\"presupuesto pagina web\" class=\"wp-image-2478 size-full\" srcset=\"https:\/\/pymessoft.com\/web\/wp-content\/uploads\/2024\/10\/presupuesto_pagina_web.png 400w, https:\/\/pymessoft.com\/web\/wp-content\/uploads\/2024\/10\/presupuesto_pagina_web-250x250.png 250w, https:\/\/pymessoft.com\/web\/wp-content\/uploads\/2024\/10\/presupuesto_pagina_web-150x150.png 150w, https:\/\/pymessoft.com\/web\/wp-content\/uploads\/2024\/10\/presupuesto_pagina_web-200x200.png 200w, https:\/\/pymessoft.com\/web\/wp-content\/uploads\/2024\/10\/presupuesto_pagina_web-300x300.png 300w, https:\/\/pymessoft.com\/web\/wp-content\/uploads\/2024\/10\/presupuesto_pagina_web-100x100.png 100w\" sizes=\"auto, (max-width: 400px) 100vw, 400px\" \/><\/figure><\/div>\n\n\n\n<div class=\"forminator-guttenberg\"><div class=\"forminator-ui forminator-custom-form forminator-custom-form-2477 forminator-design--material  forminator_ajax\" data-forminator-render=\"0\" data-form=\"forminator-module-2477\" data-uid=\"69e595bd44305\"><br\/><\/div><form\n\t\t\t\tid=\"forminator-module-2477\"\n\t\t\t\tclass=\"forminator-ui forminator-custom-form forminator-custom-form-2477 forminator-design--material  forminator_ajax\"\n\t\t\t\tmethod=\"post\"\n\t\t\t\tdata-forminator-render=\"0\"\n\t\t\t\tdata-form-id=\"2477\"\n\t\t\t\t data-color-option=\"default\" data-design=\"material\" data-grid=\"open\" style=\"display: none;\"\n\t\t\t\tdata-uid=\"69e595bd44305\"\n\t\t\t><div role=\"alert\" aria-live=\"polite\" class=\"forminator-response-message forminator-error\" aria-hidden=\"true\"><\/div><div class=\"forminator-row\"><div id=\"checkbox-1\" class=\"forminator-field-checkbox forminator-col forminator-col-12 \"><div role=\"group\" class=\"forminator-field\" aria-labelledby=\"forminator-checkbox-group-forminator-field-checkbox-1-69e595bd44305-label\"><span id=\"forminator-checkbox-group-forminator-field-checkbox-1-69e595bd44305-label\" class=\"forminator-label\">Servicios<\/span><label id=\"forminator-field-checkbox-1-1-69e595bd44305-label\" for=\"forminator-field-checkbox-1-1-69e595bd44305\" class=\"forminator-checkbox forminator-checkbox-inline\" title=\"Presupuesto P\u00e1gina Web\"><input type=\"checkbox\" name=\"checkbox-1[]\" value=\"service-1\" id=\"forminator-field-checkbox-1-1-69e595bd44305\" aria-labelledby=\"forminator-field-checkbox-1-1-69e595bd44305-label\" data-calculation=\"0\"  \/><span class=\"forminator-checkbox-box\" aria-hidden=\"true\"><\/span><span class=\"forminator-checkbox-label\">Presupuesto P\u00e1gina Web<\/span><\/label><label id=\"forminator-field-checkbox-1-2-69e595bd44305-label\" for=\"forminator-field-checkbox-1-2-69e595bd44305\" class=\"forminator-checkbox forminator-checkbox-inline\" title=\"Hosting o alojamiento\"><input type=\"checkbox\" name=\"checkbox-1[]\" value=\"service-2\" id=\"forminator-field-checkbox-1-2-69e595bd44305\" aria-labelledby=\"forminator-field-checkbox-1-2-69e595bd44305-label\" data-calculation=\"0\"  \/><span class=\"forminator-checkbox-box\" aria-hidden=\"true\"><\/span><span class=\"forminator-checkbox-label\">Hosting o alojamiento<\/span><\/label><label id=\"forminator-field-checkbox-1-3-69e595bd44305-label\" for=\"forminator-field-checkbox-1-3-69e595bd44305\" class=\"forminator-checkbox forminator-checkbox-inline\" title=\"Presupuesto SEO\"><input type=\"checkbox\" name=\"checkbox-1[]\" value=\"Posicionamiento-SEO\" id=\"forminator-field-checkbox-1-3-69e595bd44305\" aria-labelledby=\"forminator-field-checkbox-1-3-69e595bd44305-label\" data-calculation=\"0\"  \/><span class=\"forminator-checkbox-box\" aria-hidden=\"true\"><\/span><span class=\"forminator-checkbox-label\">Presupuesto SEO<\/span><\/label><label id=\"forminator-field-checkbox-1-4-69e595bd44305-label\" for=\"forminator-field-checkbox-1-4-69e595bd44305\" class=\"forminator-checkbox forminator-checkbox-inline\" title=\"Presupuesto SEM\"><input type=\"checkbox\" name=\"checkbox-1[]\" value=\"Posicionamiento-SEM\" id=\"forminator-field-checkbox-1-4-69e595bd44305\" aria-labelledby=\"forminator-field-checkbox-1-4-69e595bd44305-label\" data-calculation=\"0\"  \/><span class=\"forminator-checkbox-box\" aria-hidden=\"true\"><\/span><span class=\"forminator-checkbox-label\">Presupuesto SEM<\/span><\/label><label id=\"forminator-field-checkbox-1-5-69e595bd44305-label\" for=\"forminator-field-checkbox-1-5-69e595bd44305\" class=\"forminator-checkbox forminator-checkbox-inline\" title=\"Moodle\"><input type=\"checkbox\" name=\"checkbox-1[]\" value=\"Moodle\" id=\"forminator-field-checkbox-1-5-69e595bd44305\" aria-labelledby=\"forminator-field-checkbox-1-5-69e595bd44305-label\" data-calculation=\"0\"  \/><span class=\"forminator-checkbox-box\" aria-hidden=\"true\"><\/span><span class=\"forminator-checkbox-label\">Moodle<\/span><\/label><label id=\"forminator-field-checkbox-1-6-69e595bd44305-label\" for=\"forminator-field-checkbox-1-6-69e595bd44305\" class=\"forminator-checkbox forminator-checkbox-inline\" title=\"Planes de Correo\"><input type=\"checkbox\" name=\"checkbox-1[]\" value=\"Planes de Correo\" id=\"forminator-field-checkbox-1-6-69e595bd44305\" aria-labelledby=\"forminator-field-checkbox-1-6-69e595bd44305-label\" data-calculation=\"0\"  \/><span class=\"forminator-checkbox-box\" aria-hidden=\"true\"><\/span><span class=\"forminator-checkbox-label\">Planes de Correo<\/span><\/label><label id=\"forminator-field-checkbox-1-7-69e595bd44305-label\" for=\"forminator-field-checkbox-1-7-69e595bd44305\" class=\"forminator-checkbox forminator-checkbox-inline\" title=\"Dominios\"><input type=\"checkbox\" name=\"checkbox-1[]\" value=\"Dominios\" id=\"forminator-field-checkbox-1-7-69e595bd44305\" aria-labelledby=\"forminator-field-checkbox-1-7-69e595bd44305-label\" data-calculation=\"0\"  \/><span class=\"forminator-checkbox-box\" aria-hidden=\"true\"><\/span><span class=\"forminator-checkbox-label\">Dominios<\/span><\/label><label id=\"forminator-field-checkbox-1-8-69e595bd44305-label\" for=\"forminator-field-checkbox-1-8-69e595bd44305\" class=\"forminator-checkbox forminator-checkbox-inline\" title=\"Otros\"><input type=\"checkbox\" name=\"checkbox-1[]\" value=\"Otros\" id=\"forminator-field-checkbox-1-8-69e595bd44305\" aria-labelledby=\"forminator-field-checkbox-1-8-69e595bd44305-label\" data-calculation=\"0\"  \/><span class=\"forminator-checkbox-box\" aria-hidden=\"true\"><\/span><span class=\"forminator-checkbox-label\">Otros<\/span><\/label><\/div><\/div><\/div><div class=\"forminator-row\"><div id=\"textarea-1\" class=\"forminator-field-textarea forminator-col forminator-col-12 \"><div class=\"forminator-field\"><label for=\"forminator-field-textarea-1_69e595bd44305\" id=\"forminator-field-textarea-1_69e595bd44305-label\" class=\"forminator-label\">Notas adicionales<\/label><textarea name=\"textarea-1\" placeholder=\"\" id=\"forminator-field-textarea-1_69e595bd44305\" class=\"forminator-textarea\" rows=\"6\" style=\"min-height:140px;\" maxlength=\"180\" ><\/textarea><span id=\"forminator-field-textarea-1_69e595bd44305-description\" class=\"forminator-description\"><span data-limit=\"180\" data-type=\"characters\" data-editor=\"\">0 \/ 180<\/span><\/span><\/div><\/div><\/div><div class=\"forminator-row\"><div id=\"name-1\" class=\"forminator-field-name forminator-col forminator-col-12 \"><div class=\"forminator-row forminator-no-margin\" data-multiple=\"true\"><div class=\"forminator-col forminator-col-md-6\"><div class=\"forminator-field\"><label for=\"forminator-field-2477__field--name-1_69e595bd44305\" id=\"forminator-field-2477__field--name-1_69e595bd44305-label\" class=\"forminator-label\">Prefijo<\/label><select name=\"name-1-prefix\" id=\"forminator-field-2477__field--name-1_69e595bd44305\" class=\"forminator-select2\" data-multi=\"1\" autocomplete=\"honorific-prefix\" aria-labelledby=\"forminator-field-2477__field--name-1_69e595bd44305-label\" data-default-value=\"\"><option value=\"Mr\" >Sr.<\/option><option value=\"Mrs\" >Sra.<\/option><option value=\"Ms\" >Sta.<\/option><option value=\"Mx\" >Mx.<\/option><option value=\"Miss\" >Se\u00f1orita<\/option><option value=\"Dr\" >Dr.<\/option><option value=\"Prof\" >Prof.<\/option><\/select><\/div><\/div><div class=\"forminator-col forminator-col-md-6\"><div class=\"forminator-field\"><label for=\"forminator-field-first-name-1_69e595bd44305\" id=\"forminator-field-first-name-1_69e595bd44305-label\" class=\"forminator-label\">Nombre <span class=\"forminator-required\">*<\/span><\/label><input type=\"text\" name=\"name-1-first-name\" placeholder=\"Ejemplo: Juan\" id=\"forminator-field-first-name-1_69e595bd44305\" class=\"forminator-input\" aria-required=\"true\" data-multi=\"1\" autocomplete=\"given-name\" value=\"\" \/><\/div><\/div><div class=\"forminator-col forminator-col-md-6\"><div class=\"forminator-field\"><label for=\"forminator-field-middle-name-1_69e595bd44305\" id=\"forminator-field-middle-name-1_69e595bd44305-label\" class=\"forminator-label\">Segundo nombre<\/label><input type=\"text\" name=\"name-1-middle-name\" placeholder=\"Ejemplo: Pedro\" id=\"forminator-field-middle-name-1_69e595bd44305\" class=\"forminator-input\" aria-required=\"false\" data-multi=\"1\" autocomplete=\"additional-name\" value=\"\" \/><\/div><\/div><div class=\"forminator-col forminator-col-md-6\"><div class=\"forminator-field\"><label for=\"forminator-field-last-name-1_69e595bd44305\" id=\"forminator-field-last-name-1_69e595bd44305-label\" class=\"forminator-label\">Apellidos <span class=\"forminator-required\">*<\/span><\/label><input type=\"text\" name=\"name-1-last-name\" placeholder=\"Ejemplo: P\u00e9rez\" id=\"forminator-field-last-name-1_69e595bd44305\" class=\"forminator-input\" aria-required=\"true\" data-multi=\"1\" autocomplete=\"family-name\" value=\"\" \/><\/div><\/div><\/div><\/div><\/div><div class=\"forminator-row\"><div id=\"email-1\" class=\"forminator-field-email forminator-col forminator-col-12 \"><div class=\"forminator-field\"><label for=\"forminator-field-email-1_69e595bd44305\" id=\"forminator-field-email-1_69e595bd44305-label\" class=\"forminator-label\">Direcci\u00f3n de correo electr\u00f3nico <span class=\"forminator-required\">*<\/span><\/label><input type=\"email\" name=\"email-1\" value=\"\" placeholder=\"Ej . : john@doe.com\" id=\"forminator-field-email-1_69e595bd44305\" class=\"forminator-input forminator-email--field\" data-required=\"true\" aria-required=\"true\" autocomplete=\"email\" \/><\/div><\/div><\/div><div class=\"forminator-row\"><div id=\"phone-1\" class=\"forminator-field-phone forminator-col forminator-col-12 \"><div class=\"forminator-field\"><label for=\"forminator-field-phone-1_69e595bd44305\" id=\"forminator-field-phone-1_69e595bd44305-label\" class=\"forminator-label\">N\u00famero de tel\u00e9fono <span class=\"forminator-required\">*<\/span><\/label><input type=\"text\" name=\"phone-1\" value=\"\" placeholder=\"Ejemplo: +1 3004005000\" id=\"forminator-field-phone-1_69e595bd44305\" class=\"forminator-input forminator-field--phone\" data-required=\"1\" aria-required=\"true\" autocomplete=\"off\" data-validation=\"1\" \/><\/div><\/div><\/div><div class=\"forminator-row\"><div id=\"consent-1\" class=\"forminator-field-consent forminator-col forminator-col-12 \"><div class=\"forminator-field\"><label for=\"forminator-field-consent-1_69e595bd44305\" id=\"forminator-field-consent-1_69e595bd44305-label\" class=\"forminator-label\">Consent <span class=\"forminator-required\">*<\/span><\/label><div class=\"forminator-checkbox__wrapper\"><label id=\"forminator-field-consent-1_69e595bd44305__label\" class=\"forminator-checkbox forminator-consent\" aria-labelledby=\"forminator-field-consent-1_69e595bd44305-label\" aria-hidden=\"true\"><input type=\"checkbox\" name=\"consent-1\" id=\"forminator-field-consent-1_69e595bd44305\" value=\"checked\" aria-labelledby=\"forminator-field-consent-1_69e595bd44305-label\" aria-describedby=\"forminator-field-consent-1_69e595bd44305__description\" data-required=\"true\" aria-required=\"true\" \/><span class=\"forminator-checkbox-box\" aria-hidden=\"true\"><\/span><\/label><div id=\"forminator-field-consent-1_69e595bd44305__description\" class=\"forminator-checkbox__label forminator-consent__label\"><p><strong>Pol\u00edtica de Privacidad<\/strong>: Al enviar tus datos, aceptas que Pymessoft, recopile y utilice tu informaci\u00f3n personal para responder a tu solicitud de presupuesto p\u00e1gina web. Para m\u00e1s detalles sobre c\u00f3mo protegemos tus datos, consulta nuestra <a rel=\"noopener\" target=\"_blank\" href=\"https:\/\/pymessoft.com\/web\/politica-de-privacidad-y-uso-de-cookies-en-la-web\/\">Pol\u00edtica de Privacidad<\/a>.<\/p><\/div><\/div><\/div><\/div><\/div><div class=\"forminator-row\"><div id=\"captcha-1\" class=\"forminator-field-captcha forminator-col forminator-col-12 \"><div class=\"forminator-captcha-left forminator-g-recaptcha\" data-theme=\"light\"  data-sitekey=\"6LcJn_8SAAAAAIWv0MOR_T9XiaOsNt3XlgU_3fzL\" data-size=\"normal\"><\/div> <\/div><\/div><input type=\"hidden\" name=\"referer_url\" value=\"\" \/><div class=\"forminator-row forminator-row-last\"><div class=\"forminator-col\"><div class=\"forminator-field\"><button class=\"forminator-button forminator-button-submit\"><span>Solicitar presupuesto p&aacute;gina web<\/span><span aria-hidden=\"true\"><\/span><\/button><\/div><\/div><\/div><input type=\"hidden\" id=\"forminator_nonce\" name=\"forminator_nonce\" value=\"d5b2293391\" \/><input type=\"hidden\" name=\"_wp_http_referer\" value=\"\/web\/wp-json\/wp\/v2\/pages\/1357\" \/><input type=\"hidden\" name=\"form_id\" value=\"2477\"><input type=\"hidden\" name=\"page_id\" value=\"1357\"><input type=\"hidden\" name=\"form_type\" value=\"default\"><input type=\"hidden\" name=\"current_url\" value=\"https:\/\/pymessoft.com\/web\/contacto\/presupuesto-pagina-web\/\"><input type=\"hidden\" name=\"render_id\" value=\"0\"><input type=\"hidden\" name=\"action\" value=\"forminator_submit_form_custom-forms\"><\/form><\/div>\n\n\n\n<h2 class=\"wp-block-heading\">\u00bfQu\u00e9 Ocurre Despu\u00e9s de Enviar tu Solicitud?<\/h2>\n\n\n\n<p>Una vez que recibamos tus datos de contacto, te enviaremos tu <strong>presupuesto personalizado para la p\u00e1gina web<\/strong> lo m\u00e1s pronto posible. Queremos asegurarnos de que tengas toda la informaci\u00f3n necesaria para tomar una <strong>decisi\u00f3n informada<\/strong>.<\/p>\n\n\n\n<p>Si ya tienes claro lo que deseas, no dudes en consultar nuestros planes disponibles haciendo clic en el enlace a continuaci\u00f3n:<\/p>\n\n\n\n<p><a href=\"http:\/\/pymessoft.com\/web\/product\/pagina-web-empresa\/\">Consultar planes <\/a><a href=\"http:\/\/pymessoft.com\/web\/product\/pagina-web-empresa\/\" target=\"_blank\" rel=\"noreferrer noopener\">disponibles<\/a><\/p>\n\n\n\n<p><\/p>\n","protected":false},"excerpt":{"rendered":"<p>Para poder realizar un presupuesto p\u00e1gina web adaptado a las necesidades de tu empresa, es esencial que nos proporciones algunos datos clave. Esto nos permitir\u00e1 ofrecerte una propuesta personalizada que se ajuste a tus requisitos y objetivos espec\u00edficos. \u00bfQu\u00e9 Ocurre Despu\u00e9s de Enviar tu Solicitud? Una vez que recibamos tus datos de contacto, te enviaremos&#8230;<\/p>\n","protected":false},"author":1,"featured_media":1293,"parent":33,"menu_order":0,"comment_status":"closed","ping_status":"closed","template":"","meta":{"_kad_post_transparent":"","_kad_post_title":"","_kad_post_layout":"","_kad_post_sidebar_id":"","_kad_post_content_style":"","_kad_post_vertical_padding":"","_kad_post_feature":"","_kad_post_feature_position":"","_kad_post_header":false,"_kad_post_footer":false,"footnotes":""},"class_list":["post-1357","page","type-page","status-publish","has-post-thumbnail","hentry"],"_links":{"self":[{"href":"https:\/\/pymessoft.com\/web\/wp-json\/wp\/v2\/pages\/1357","targetHints":{"allow":["GET"]}}],"collection":[{"href":"https:\/\/pymessoft.com\/web\/wp-json\/wp\/v2\/pages"}],"about":[{"href":"https:\/\/pymessoft.com\/web\/wp-json\/wp\/v2\/types\/page"}],"author":[{"embeddable":true,"href":"https:\/\/pymessoft.com\/web\/wp-json\/wp\/v2\/users\/1"}],"replies":[{"embeddable":true,"href":"https:\/\/pymessoft.com\/web\/wp-json\/wp\/v2\/comments?post=1357"}],"version-history":[{"count":29,"href":"https:\/\/pymessoft.com\/web\/wp-json\/wp\/v2\/pages\/1357\/revisions"}],"predecessor-version":[{"id":2555,"href":"https:\/\/pymessoft.com\/web\/wp-json\/wp\/v2\/pages\/1357\/revisions\/2555"}],"up":[{"embeddable":true,"href":"https:\/\/pymessoft.com\/web\/wp-json\/wp\/v2\/pages\/33"}],"wp:featuredmedia":[{"embeddable":true,"href":"https:\/\/pymessoft.com\/web\/wp-json\/wp\/v2\/media\/1293"}],"wp:attachment":[{"href":"https:\/\/pymessoft.com\/web\/wp-json\/wp\/v2\/media?parent=1357"}],"curies":[{"name":"wp","href":"https:\/\/api.w.org\/{rel}","templated":true}]}}