{"id":344,"date":"2015-09-24T07:01:20","date_gmt":"2015-09-24T05:01:20","guid":{"rendered":"http:\/\/pymessoft.com\/web\/?page_id=344"},"modified":"2017-02-02T15:14:12","modified_gmt":"2017-02-02T13:14:12","slug":"crear-mi-pagina-web","status":"publish","type":"page","link":"https:\/\/pymessoft.com\/web\/crear-mi-pagina-web\/","title":{"rendered":"Crear mi p\u00e1gina web"},"content":{"rendered":"<p style=\"text-align: justify;\">Para \u00abcrear mi p\u00e1gina web\u00bb necesitar\u00e1s seguir los siguientes pasos:<\/p>\n<h1 style=\"text-align: justify;\">Paso 1: Buscar un dominio que est\u00e9 libre<\/h1>\n<p style=\"text-align: justify;\">El primer paso para crear mi p\u00e1gina web es\u00a0<strong>buscar un dominio<\/strong> para tu web\u00a0que est\u00e9 libre.\u00a0Para ello, debes usar una <strong>herramienta de b\u00fasqueda de dominio<\/strong> que proporcionamos para ayudarte a buscar.<\/p>\n<p style=\"text-align: justify;\"><a href=\"http:\/\/pymessoft.com\/web\/buscar-un-dominio\/\" target=\"_blank\">Pulsa aqu\u00ed para buscar un dominio<\/a><\/p>\n<p style=\"text-align: justify;\">Una vez elegido, <strong>an\u00f3telo bien y recuerde indicar el nombre de dominio<\/strong> en la orden de pedido.<\/p>\n<p style=\"text-align: justify;\">Si ya dispone de un dominio, simplemente ind\u00edquenoslo y podremos realizar la migraci\u00f3n del dominio, correo, etc. o simplemente vincularlo directamente al servidor con Pymessoft.<\/p>\n<h1 style=\"text-align: justify;\">Paso 2: Dise\u00f1o de la p\u00e1gina web<\/h1>\n<p>El siguiente paso es pensar en el dise\u00f1o de tu p\u00e1gina web. \u00bfEres un aut\u00f3nomo? \u00bfEres una empresa peque\u00f1a o trabaj\u00e1is m\u00e1s de 20 personas en la empresa?<\/p>\n<p>En Pymessoft te lo ponemos f\u00e1cil, puedes <a href=\"http:\/\/pymessoft.com\/web\/contacto\/presupuesto-pagina-web\/\">solicitar un presupuesto<\/a> o consultar los <a href=\"http:\/\/pymessoft.com\/web\/product\/diseno-pagina-web\/\">precios disponibles<\/a> para crear tu p\u00e1gina web en el menor tiempo posible.<\/p>\n<h1 style=\"text-align: justify;\">Paso 3: Elegir un plan de alojamiento (si no elegiste un plan)<\/h1>\n<p style=\"text-align: justify;\"><img loading=\"lazy\" decoding=\"async\" class=\"alignright wp-image-333 size-medium\" src=\"http:\/\/pymessoft.com\/web\/wp-content\/uploads\/2015\/09\/circulos_web_500x253-300x152.png\" alt=\"circulos_web_500x253\" width=\"300\" height=\"152\" \/>Si no elegiste un plan, deber\u00e1s<strong> elegir un hosting o servidor web<\/strong> donde poder alojar tu p\u00e1gina web, correo, archivos, videos, etc. Puedes\u00a0elegir uno de nuestros planes de alojamiento y a\u00f1adirlo al carrito.<\/p>\n<p style=\"text-align: justify;\">Ofrecemos una plan para p\u00e1gina<strong> web con wordpress, dominios y correos<\/strong>, todo incluido.<strong>\u00a0<\/strong>Los\u00a0planes gen\u00e9ricos son diferentes entre s\u00ed, con m\u00e1s o menos caracter\u00edsticas, como son capacidad o espacio web, cuentas de correo, antivirus, antispam, copias de seguridad, etc. Los planes gen\u00e9ricos para su p\u00e1gina web son:<\/p>\n<ul style=\"text-align: justify;\">\n<li><strong>Plan Bronce<\/strong>: Ideal para empezar con tu web y correo electr\u00f3nico personal.<\/li>\n<li><strong>Plam Plata<\/strong>: Si eres un aut\u00f3nomo o peque\u00f1a empresa y necesitas algo m\u00e1s, este es tu plan.<\/li>\n<li><strong>Plan Oro<\/strong>: Para tu empresa, este es el mejor plan adaptado a empresas.<\/li>\n<\/ul>\n<p style=\"text-align: justify;\"><a href=\"http:\/\/pymessoft.com\/web\/product\/pagina-web\/\">Ver planes de alojamiento para web<\/a><\/p>\n<h1 style=\"text-align: justify;\">Paso 4: Completar el pedido<\/h1>\n<p style=\"text-align: justify;\"><img loading=\"lazy\" decoding=\"async\" class=\"alignright wp-image-50 size-full\" src=\"http:\/\/pymessoft.com\/web\/wp-content\/uploads\/2014\/12\/tarjetas_credito.jpg\" alt=\"\" width=\"180\" height=\"135\" \/>Una vez elegido el plan de alojamiento y el dominio, <strong>deber\u00e1 completar el pedido y finalizar la compra<\/strong>. Deber\u00e1 darnos sus <strong>datos personales<\/strong> e <strong><span style=\"text-decoration: underline;\">indicar el dominio elegido.<\/span>\u00a0<\/strong>(Si no lo indicara, le solicitar\u00edamos dicha informaci\u00f3n mientras creamos\u00a0su espacio web.)<\/p>\n<p style=\"text-align: justify;\">Debe<strong> realizar el pago<\/strong> usando las dos opciones que ponemos a su disposici\u00f3n: mediante transferencia bancaria, usando Paypal o con tarjeta.<\/p>\n<p style=\"text-align: justify;\">Prepararemos y configuraremos su espacio o alojamiento web y configuraremos su dominio. Una vez realizado, le enviaremos las claves de acceso y el manual para poder gestionar su web que ya estar\u00e1 en funcionamiento. (24 horas m\u00e1ximo)<\/p>\n<p style=\"text-align: justify;\">Adem\u00e1s, si no sabe crear su web con WordPress, podemos crearla por usted con un precio muy econ\u00f3mico. Si a\u00fan tiene preguntas, puede contactar con nosotros.<\/p>\n<p style=\"text-align: justify;\">Crear Mi P\u00e1gina Web, f\u00e1cil y r\u00e1pido, en tres sencillos pasos.<\/p>\n<p style=\"text-align: justify;\"><a href=\"http:\/\/pymessoft.com\/web\/contacto\/\">Pulse aqu\u00ed para contactar<\/a>.<\/p>\n","protected":false},"excerpt":{"rendered":"<p>Para \u00abcrear mi p\u00e1gina web\u00bb necesitar\u00e1s seguir los siguientes pasos: Paso 1: Buscar un dominio que est\u00e9 libre El primer paso para crear mi p\u00e1gina web es\u00a0buscar un dominio para tu web\u00a0que est\u00e9 libre.\u00a0Para ello, debes usar una herramienta de b\u00fasqueda de dominio que proporcionamos para ayudarte a buscar. Pulsa aqu\u00ed para buscar un dominio&#8230;<\/p>\n","protected":false},"author":1,"featured_media":47,"parent":0,"menu_order":0,"comment_status":"closed","ping_status":"closed","template":"","meta":{"_kad_post_transparent":"","_kad_post_title":"","_kad_post_layout":"","_kad_post_sidebar_id":"","_kad_post_content_style":"","_kad_post_vertical_padding":"","_kad_post_feature":"","_kad_post_feature_position":"","_kad_post_header":false,"_kad_post_footer":false,"footnotes":""},"class_list":["post-344","page","type-page","status-publish","has-post-thumbnail","hentry"],"_links":{"self":[{"href":"https:\/\/pymessoft.com\/web\/wp-json\/wp\/v2\/pages\/344","targetHints":{"allow":["GET"]}}],"collection":[{"href":"https:\/\/pymessoft.com\/web\/wp-json\/wp\/v2\/pages"}],"about":[{"href":"https:\/\/pymessoft.com\/web\/wp-json\/wp\/v2\/types\/page"}],"author":[{"embeddable":true,"href":"https:\/\/pymessoft.com\/web\/wp-json\/wp\/v2\/users\/1"}],"replies":[{"embeddable":true,"href":"https:\/\/pymessoft.com\/web\/wp-json\/wp\/v2\/comments?post=344"}],"version-history":[{"count":24,"href":"https:\/\/pymessoft.com\/web\/wp-json\/wp\/v2\/pages\/344\/revisions"}],"predecessor-version":[{"id":1626,"href":"https:\/\/pymessoft.com\/web\/wp-json\/wp\/v2\/pages\/344\/revisions\/1626"}],"wp:featuredmedia":[{"embeddable":true,"href":"https:\/\/pymessoft.com\/web\/wp-json\/wp\/v2\/media\/47"}],"wp:attachment":[{"href":"https:\/\/pymessoft.com\/web\/wp-json\/wp\/v2\/media?parent=344"}],"curies":[{"name":"wp","href":"https:\/\/api.w.org\/{rel}","templated":true}]}}