{"id":804,"date":"2015-11-01T22:18:48","date_gmt":"2015-11-01T20:18:48","guid":{"rendered":"http:\/\/pymessoft.com\/web\/?page_id=804"},"modified":"2024-10-25T21:55:15","modified_gmt":"2024-10-25T19:55:15","slug":"desarrollo-software-en-malaga","status":"publish","type":"page","link":"https:\/\/pymessoft.com\/web\/desarrollo-software-en-malaga\/","title":{"rendered":"Software"},"content":{"rendered":"\n<p>Realizamos desarrollo de software a medida para cubrir las necesidades de su negocio.<\/p>\n\n\n\n<p>Desarrollamos <strong>aplicaciones<\/strong> o <strong>p\u00e1ginas web personalizadas<\/strong>, usando tecnolog\u00eda cliente-servidor, <strong>PHP y MySQL<\/strong>, <strong>responsive<\/strong>, <strong>HTML5<\/strong>, <strong>CSS3<\/strong>. Adaptada para m\u00f3vil y nuevos dispositivos. Si lo desea, comentemos su idea y p\u00eddanos <a href=\"https:\/\/pymessoft.com\/web\/contacto\/presupuesto-pagina-web\/\">presupuesto<\/a> sin compromiso alguno.<\/p>\n\n\n\n<div class=\"wp-block-group is-layout-constrained wp-block-group-is-layout-constrained\">\n<figure class=\"wp-block-gallery has-nested-images columns-default is-cropped wp-block-gallery-1 is-layout-flex wp-block-gallery-is-layout-flex\">\n<figure class=\"wp-block-image size-full is-style-default\"><img loading=\"lazy\" decoding=\"async\" width=\"600\" height=\"600\" data-id=\"2567\" src=\"https:\/\/pymessoft.com\/web\/wp-content\/uploads\/2024\/10\/software-gestion-peluquerias.png\" alt=\"\" class=\"wp-image-2567\" srcset=\"https:\/\/pymessoft.com\/web\/wp-content\/uploads\/2024\/10\/software-gestion-peluquerias.png 600w, https:\/\/pymessoft.com\/web\/wp-content\/uploads\/2024\/10\/software-gestion-peluquerias-250x250.png 250w, https:\/\/pymessoft.com\/web\/wp-content\/uploads\/2024\/10\/software-gestion-peluquerias-150x150.png 150w, https:\/\/pymessoft.com\/web\/wp-content\/uploads\/2024\/10\/software-gestion-peluquerias-200x200.png 200w, https:\/\/pymessoft.com\/web\/wp-content\/uploads\/2024\/10\/software-gestion-peluquerias-300x300.png 300w, https:\/\/pymessoft.com\/web\/wp-content\/uploads\/2024\/10\/software-gestion-peluquerias-100x100.png 100w\" sizes=\"auto, (max-width: 600px) 100vw, 600px\" \/><figcaption class=\"wp-element-caption\">Software Gesti\u00f3n Peluquer\u00edas<\/figcaption><\/figure>\n\n\n\n<figure class=\"wp-block-image size-full\"><img loading=\"lazy\" decoding=\"async\" width=\"600\" height=\"600\" data-id=\"2566\" src=\"https:\/\/pymessoft.com\/web\/wp-content\/uploads\/2024\/10\/software-gestion-gimnasios.png\" alt=\"\" class=\"wp-image-2566\" srcset=\"https:\/\/pymessoft.com\/web\/wp-content\/uploads\/2024\/10\/software-gestion-gimnasios.png 600w, https:\/\/pymessoft.com\/web\/wp-content\/uploads\/2024\/10\/software-gestion-gimnasios-250x250.png 250w, https:\/\/pymessoft.com\/web\/wp-content\/uploads\/2024\/10\/software-gestion-gimnasios-150x150.png 150w, https:\/\/pymessoft.com\/web\/wp-content\/uploads\/2024\/10\/software-gestion-gimnasios-200x200.png 200w, https:\/\/pymessoft.com\/web\/wp-content\/uploads\/2024\/10\/software-gestion-gimnasios-300x300.png 300w, https:\/\/pymessoft.com\/web\/wp-content\/uploads\/2024\/10\/software-gestion-gimnasios-100x100.png 100w\" sizes=\"auto, (max-width: 600px) 100vw, 600px\" \/><figcaption class=\"wp-element-caption\">Software Gesti\u00f3n Gimnasios<\/figcaption><\/figure>\n\n\n\n<figure class=\"wp-block-image size-full\"><img loading=\"lazy\" decoding=\"async\" width=\"600\" height=\"600\" data-id=\"2564\" src=\"https:\/\/pymessoft.com\/web\/wp-content\/uploads\/2024\/10\/software-gestion-centros.png\" alt=\"software gestion centros\" class=\"wp-image-2564\" srcset=\"https:\/\/pymessoft.com\/web\/wp-content\/uploads\/2024\/10\/software-gestion-centros.png 600w, https:\/\/pymessoft.com\/web\/wp-content\/uploads\/2024\/10\/software-gestion-centros-250x250.png 250w, https:\/\/pymessoft.com\/web\/wp-content\/uploads\/2024\/10\/software-gestion-centros-150x150.png 150w, https:\/\/pymessoft.com\/web\/wp-content\/uploads\/2024\/10\/software-gestion-centros-200x200.png 200w, https:\/\/pymessoft.com\/web\/wp-content\/uploads\/2024\/10\/software-gestion-centros-300x300.png 300w, https:\/\/pymessoft.com\/web\/wp-content\/uploads\/2024\/10\/software-gestion-centros-100x100.png 100w\" sizes=\"auto, (max-width: 600px) 100vw, 600px\" \/><figcaption class=\"wp-element-caption\">Software Gesti\u00f3n Centros<\/figcaption><\/figure>\n\n\n\n<figure class=\"wp-block-image size-full\"><img loading=\"lazy\" decoding=\"async\" width=\"600\" height=\"600\" data-id=\"2565\" src=\"https:\/\/pymessoft.com\/web\/wp-content\/uploads\/2024\/10\/software-gestion-estetica.png\" alt=\"\" class=\"wp-image-2565\" srcset=\"https:\/\/pymessoft.com\/web\/wp-content\/uploads\/2024\/10\/software-gestion-estetica.png 600w, https:\/\/pymessoft.com\/web\/wp-content\/uploads\/2024\/10\/software-gestion-estetica-250x250.png 250w, https:\/\/pymessoft.com\/web\/wp-content\/uploads\/2024\/10\/software-gestion-estetica-150x150.png 150w, https:\/\/pymessoft.com\/web\/wp-content\/uploads\/2024\/10\/software-gestion-estetica-200x200.png 200w, https:\/\/pymessoft.com\/web\/wp-content\/uploads\/2024\/10\/software-gestion-estetica-300x300.png 300w, https:\/\/pymessoft.com\/web\/wp-content\/uploads\/2024\/10\/software-gestion-estetica-100x100.png 100w\" sizes=\"auto, (max-width: 600px) 100vw, 600px\" \/><figcaption class=\"wp-element-caption\">Software Gesti\u00f3n Est\u00e9tica<\/figcaption><\/figure>\n\n\n\n<figure class=\"wp-block-image size-full\"><img loading=\"lazy\" decoding=\"async\" width=\"600\" height=\"600\" data-id=\"2563\" src=\"https:\/\/pymessoft.com\/web\/wp-content\/uploads\/2024\/10\/software-gestion-academias.png\" alt=\"re gestion academia\" class=\"wp-image-2563\" srcset=\"https:\/\/pymessoft.com\/web\/wp-content\/uploads\/2024\/10\/software-gestion-academias.png 600w, https:\/\/pymessoft.com\/web\/wp-content\/uploads\/2024\/10\/software-gestion-academias-250x250.png 250w, https:\/\/pymessoft.com\/web\/wp-content\/uploads\/2024\/10\/software-gestion-academias-150x150.png 150w, https:\/\/pymessoft.com\/web\/wp-content\/uploads\/2024\/10\/software-gestion-academias-200x200.png 200w, https:\/\/pymessoft.com\/web\/wp-content\/uploads\/2024\/10\/software-gestion-academias-300x300.png 300w, https:\/\/pymessoft.com\/web\/wp-content\/uploads\/2024\/10\/software-gestion-academias-100x100.png 100w\" sizes=\"auto, (max-width: 600px) 100vw, 600px\" \/><figcaption class=\"wp-element-caption\">Software Gesti\u00f3n Academias<\/figcaption><\/figure>\n<\/figure>\n<\/div>\n\n\n\n<figure class=\"wp-block-image alignright\"><img loading=\"lazy\" decoding=\"async\" width=\"150\" height=\"150\" src=\"http:\/\/pymessoft.com\/web\/wp-content\/uploads\/2015\/09\/android_logo-150x150.png\" alt=\"android_logo\" class=\"wp-image-522\" srcset=\"https:\/\/pymessoft.com\/web\/wp-content\/uploads\/2015\/09\/android_logo-150x150.png 150w, https:\/\/pymessoft.com\/web\/wp-content\/uploads\/2015\/09\/android_logo-200x200.png 200w, https:\/\/pymessoft.com\/web\/wp-content\/uploads\/2015\/09\/android_logo-100x100.png 100w, https:\/\/pymessoft.com\/web\/wp-content\/uploads\/2015\/09\/android_logo-250x250.png 250w, https:\/\/pymessoft.com\/web\/wp-content\/uploads\/2015\/09\/android_logo.png 256w\" sizes=\"auto, (max-width: 150px) 100vw, 150px\" \/><\/figure>\n\n\n\n<figure class=\"wp-block-image alignleft\"><a href=\"http:\/\/www.cuotagest.com\" rel=\"noopener\" target=\"_blank\"><img loading=\"lazy\" decoding=\"async\" width=\"150\" height=\"150\" src=\"http:\/\/pymessoft.com\/web\/wp-content\/uploads\/2014\/11\/caja_cuotagest2014_150px.jpg\" alt=\"Software de gesti\u00f3n para academias, peluquerias, talleres, centros de fitness, fisioterapia, dentistas, etc.\" class=\"wp-image-27\" srcset=\"https:\/\/pymessoft.com\/web\/wp-content\/uploads\/2014\/11\/caja_cuotagest2014_150px.jpg 150w, https:\/\/pymessoft.com\/web\/wp-content\/uploads\/2014\/11\/caja_cuotagest2014_150px-100x100.jpg 100w\" sizes=\"auto, (max-width: 150px) 100vw, 150px\" \/><\/a><figcaption class=\"wp-element-caption\">Software de <strong>gesti\u00f3n<\/strong> para academias, peluquerias, talleres, <strong>centros<\/strong> de fitness, fisioterapia, dentistas, etc. [<a href=\"http:\/\/www.cuotagest.com\" target=\"_blank\" rel=\"noopener\">Saber m\u00e1s<\/a>]<\/figcaption><\/figure>\n\n\n\n<hr class=\"wp-block-separator has-alpha-channel-opacity\"\/>\n\n\n\n<figure class=\"wp-block-image alignleft\"><a href=\"http:\/\/pymessoft.com\/web\/desarrollo-software-en-malaga\/facturacion-online-para-autonomos-y-empresas\/\"><img loading=\"lazy\" decoding=\"async\" width=\"150\" height=\"150\" src=\"http:\/\/pymessoft.com\/web\/wp-content\/uploads\/2015\/09\/facturacion-150x150.png\" alt=\"Software CRM para facturaci\u00f3n y contabilidad: clientes, facturas, presupuestos... [Saber m\u00e1s]\" class=\"wp-image-429\" srcset=\"https:\/\/pymessoft.com\/web\/wp-content\/uploads\/2015\/09\/facturacion-150x150.png 150w, https:\/\/pymessoft.com\/web\/wp-content\/uploads\/2015\/09\/facturacion-200x200.png 200w, https:\/\/pymessoft.com\/web\/wp-content\/uploads\/2015\/09\/facturacion-100x100.png 100w\" sizes=\"auto, (max-width: 150px) 100vw, 150px\" \/><\/a><figcaption class=\"wp-element-caption\">Software CRM para <strong>facturaci\u00f3n<\/strong> y <strong>contabilidad<\/strong>: clientes, facturas, presupuestos&#8230; [<a href=\"http:\/\/pymessoft.com\/web\/desarrollo-software-en-malaga\/facturacion-online-para-autonomos-y-empresas\/\">Saber m\u00e1s<\/a>]<\/figcaption><\/figure>\n\n\n\n<hr class=\"wp-block-separator has-alpha-channel-opacity\"\/>\n\n\n\n<p>Si desea descargar el programa de Gesti\u00f3n de Peluquer\u00edas, Academias, Gimnasios o clubes, visite la web: <a href=\"http:\/\/cuotagest.com\/web\/descargar\/\" target=\"_blank\" rel=\"noopener\">www.cuotagest.com<\/a><\/p>\n","protected":false},"excerpt":{"rendered":"<p>Realizamos desarrollo de software a medida para cubrir las necesidades de su negocio. Desarrollamos aplicaciones o p\u00e1ginas web personalizadas, usando tecnolog\u00eda cliente-servidor, PHP y MySQL, responsive, HTML5, CSS3. Adaptada para m\u00f3vil y nuevos dispositivos. Si lo desea, comentemos su idea y p\u00eddanos presupuesto sin compromiso alguno. Si desea descargar el programa de Gesti\u00f3n de Peluquer\u00edas,&#8230;<\/p>\n","protected":false},"author":1,"featured_media":0,"parent":0,"menu_order":0,"comment_status":"closed","ping_status":"closed","template":"","meta":{"_kad_post_transparent":"","_kad_post_title":"","_kad_post_layout":"","_kad_post_sidebar_id":"","_kad_post_content_style":"","_kad_post_vertical_padding":"","_kad_post_feature":"","_kad_post_feature_position":"","_kad_post_header":false,"_kad_post_footer":false,"footnotes":""},"class_list":["post-804","page","type-page","status-publish","hentry"],"_links":{"self":[{"href":"https:\/\/pymessoft.com\/web\/wp-json\/wp\/v2\/pages\/804","targetHints":{"allow":["GET"]}}],"collection":[{"href":"https:\/\/pymessoft.com\/web\/wp-json\/wp\/v2\/pages"}],"about":[{"href":"https:\/\/pymessoft.com\/web\/wp-json\/wp\/v2\/types\/page"}],"author":[{"embeddable":true,"href":"https:\/\/pymessoft.com\/web\/wp-json\/wp\/v2\/users\/1"}],"replies":[{"embeddable":true,"href":"https:\/\/pymessoft.com\/web\/wp-json\/wp\/v2\/comments?post=804"}],"version-history":[{"count":21,"href":"https:\/\/pymessoft.com\/web\/wp-json\/wp\/v2\/pages\/804\/revisions"}],"predecessor-version":[{"id":2568,"href":"https:\/\/pymessoft.com\/web\/wp-json\/wp\/v2\/pages\/804\/revisions\/2568"}],"wp:attachment":[{"href":"https:\/\/pymessoft.com\/web\/wp-json\/wp\/v2\/media?parent=804"}],"curies":[{"name":"wp","href":"https:\/\/api.w.org\/{rel}","templated":true}]}}