{"id":1031,"date":"2015-11-05T21:25:44","date_gmt":"2015-11-05T19:25:44","guid":{"rendered":"http:\/\/pymessoft.com\/web\/?post_type=product&#038;p=1031"},"modified":"2024-10-31T20:19:26","modified_gmt":"2024-10-31T18:19:26","slug":"diseno-pagina-web","status":"publish","type":"product","link":"https:\/\/pymessoft.com\/web\/product\/diseno-pagina-web\/","title":{"rendered":"Dise\u00f1o P\u00e1gina Web"},"content":{"rendered":"<p style=\"text-align: justify;\"><img loading=\"lazy\" decoding=\"async\" class=\"alignright wp-image-1043 size-thumbnail\" title=\"Dise\u00f1o P\u00e1gina Web Malaga\" src=\"http:\/\/pymessoft.com\/web\/wp-content\/uploads\/2015\/11\/pagina-web-empresa-150x150.png\" alt=\"Dise\u00f1o P\u00e1gina Web Malaga\" width=\"150\" height=\"150\" srcset=\"https:\/\/pymessoft.com\/web\/wp-content\/uploads\/2015\/11\/pagina-web-empresa-150x150.png 150w, https:\/\/pymessoft.com\/web\/wp-content\/uploads\/2015\/11\/pagina-web-empresa-200x200.png 200w, https:\/\/pymessoft.com\/web\/wp-content\/uploads\/2015\/11\/pagina-web-empresa-100x100.png 100w\" sizes=\"auto, (max-width: 150px) 100vw, 150px\" \/>Desarrollamos el Dise\u00f1o P\u00e1gina Web para su Empresa en M\u00e1laga. Su negocio con un dise\u00f1o actual y profesional. Dominio y correo incluido en el precio.<\/p>\n<p style=\"text-align: justify;\">Realizamos para su empresa, un dise\u00f1o actual y <strong>profesional<\/strong> desde el 2003. Usando las <strong>\u00faltimas tecnolog\u00edas<\/strong> y servidores de calidad, con <span style=\"text-decoration: underline;\">discos duros s\u00f3lidos de alta velocidad<\/span>.<\/p>\n<h2 style=\"text-align: justify;\">Pymessoft: Dise\u00f1o P\u00e1gina Web con sede en M\u00e1laga<\/h2>\n<p style=\"text-align: justify;\">Le ofrecemos un dise\u00f1o p\u00e1gina web empresarial moderno y elegante. Utilizamos WordPress (recomendado) o t\u00e9cnolog\u00eda HTML y CSS.<\/p>\n<p style=\"text-align: justify;\">Hemos dise\u00f1ado <strong>tres opciones<\/strong> para crear su <strong>Dise\u00f1o P\u00e1gina Web<\/strong> de empresa: Cada uno tiene\u00a0unas <strong>caracter\u00edsticas<\/strong> adaptadas a sus necesidades. Puede <strong>consultar los planes m\u00e1s abajo<\/strong>. El dise\u00f1o usado ser\u00e1 creado por nuestros dise\u00f1adores en funci\u00f3n de su negocio, con una imagen moderna. Crearemos sus p\u00e1ginas de inicio, contacto, mapa web, productos, etc. L\u00e1s p\u00e1ginas que necesite para mostrar toda la informaci\u00f3n de su empresa.<\/p>\n<p style=\"text-align: justify;\">El dise\u00f1o de la p\u00e1gina web lleva consigo la entrega de<strong> Informes estad\u00edsticos de visitas de Google Analytics,<\/strong> as\u00ed podr\u00e1 ver la evoluci\u00f3n de su p\u00e1gina web. Recibir\u00e1 asesoramiento gratis en todo momento.<a name=\"planes\"><\/a><\/p>\n<blockquote>\n<h4 style=\"text-align: center;\">Si lo desea puede\u00a0<a href=\"http:\/\/pymessoft.com\/web\/contacto\/\">contactar<\/a> antes con nosotros o elegir el plan de su \u00abDise\u00f1o P\u00e1gina Web\u00bb ahora mismo. Nos pondremos en contacto con usted y nos pondremos a realizar el dise\u00f1o de su P\u00e1gina Web Profesional<\/h4>\n<\/blockquote>\n<hr \/>\n<style> \/* simple flat #1032 *\/#ptp-1032{border-color:#ddd;padding:0;margin-left:0;margin-right:0}#ptp-1032 div.ptp-item-container{border-radius:5px}#ptp-1032 div.ptp-item-container div{margin:0}#ptp-1032 .ptp-highlight div.ptp-item-container{border-color:#ddd}#ptp-1032 div.ptp-plan{border-top-right-radius:5px;border-top-left-radius:5px;font-size:1.5em;border-color:#ddd;background-color:#ddd;color:#333;padding:.9375em 1.25em}#ptp-1032 div.ptp-plan .has-tip{border-bottom:dotted 1px #333;color:#333}#ptp-1032 .ptp-highlight div.ptp-plan{border-color:#ddd;background-color:#ddd;color:#333}#ptp-1032 .ptp-highlight div.ptp-plan .has-tip{border-bottom:dotted 1px #333;color:#333}#ptp-1032 div.ptp-price{font-size:1.25em;background-color:#eee;color:#333;padding:.9375em 1.25em}#ptp-1032 div.ptp-price .has-tip{border-bottom:dotted 1px #333;color:#333}#ptp-1032 .ptp-highlight div.ptp-price{background-color:#eee;color:#333}#ptp-1032 .ptp-highlight div.ptp-price .has-tip{border-bottom:dotted 1px #333;color:#333}#ptp-1032 div.ptp-cta{border-bottom-right-radius:5px;border-bottom-left-radius:5px;background-color:#eee;padding-top:1.25em;padding-bottom:1.25em}#ptp-1032 .ptp-highlight div.ptp-cta{background-color:#eee}#ptp-1032 a.ptp-button{border-radius:5px;font-size:1em;color:#fff;background-color:#3498db;border-bottom:#2980b9 4px solid;margin:0}#ptp-1032 a.ptp-button .has-tip,#ptp-1032 a.ptp-button:hover .has-tip{border-bottom:dotted 1px #fff;color:#fff}#ptp-1032 a.ptp-button:hover{background-color:#2980b9}#ptp-1032 div.ptp-bullet-item{color:#333;background-color:#fff;font-size:.875em;border-color:#ddd;padding:.9375em .5em .9375em .5em}#ptp-1032 .ptp-highlight .ptp-bullet-item{color:#333;border-color:#ddd;background-color:#fff}#ptp-1032 .ptp-highlight a.ptp-button{color:#fff;background-color:#e71173;border-bottom:#e80068 4px solid}#ptp-1032 .ptp-highlight a.ptp-button:hover{background-color:#e8277e}#ptp-1032 .ptp-highlight a.ptp-button .has-tip{border-bottom:dotted 1px #fff;color:#fff}#ptp-1032 div.ptp-most-popular{border-radius:5px;font-size:.9em;background-color:#7f8c8d;color:#fff;border:1px solid #7f8c8d}\/* end of simple flat #1032 *\/<\/style>        <script type=\"text\/javascript\">\n         jQuery(document).ready(function($) {\n            jQuery.call_match_height_1032 = function call_match_height_design1(ptp_id) {\n                                $( ptp_id+' .ptp-plan' ).matchHeight(false); \n                                $( ptp_id+' .ptp-cta' ).matchHeight(false); \n                                $( ptp_id+' .ptp-price' ).matchHeight(false);\n                                $( ptp_id+' .ptp-button' ).matchHeight(false);\n\n                                $( ptp_id+' .ptp-bullet-item' ).each(function( index ){\n                                    $( ptp_id+' .ptp-row-id-'+index ).matchHeight(false);\n             \n                                });  \n                         }\n            var ptp_id = '#ptp-'+1032 ;\n            $.call_match_height_1032 ( ptp_id );              \n         });\n      <\/script>\n      \n        <div id=\"ptp-1032\" class=\"ptp-pricing-table\" ><div class=\"ptp-col ptp-three-col  ptp-col-id-0 dh-ptp-col-id-0\"><div class=\"ptp-not-most-popular\">&nbsp;<\/div><div class=\"ptp-item-container\"><div class=\"ptp-plan\"><img decoding=\"async\" src=\"https:\/\/pymessoft.com\/web\/wp-content\/uploads\/2017\/01\/diseno-pagina-web.png\" alt=\"dise\u00f1o pagina web\">Dise\u00f1o P\u00e1gina Web <br \/> <span style=\"color:#8C7853\"> Bronce<\/span><\/div><div class=\"ptp-price\">449.90 \u20ac<\/div><div class=\"ptp-bullet-item ptp-row-id-0\">P\u00e1ginas incluidas: 5\r<\/div><div class=\"ptp-bullet-item ptp-row-id-1\">Dise\u00f1o web responsive*\r<\/div><div class=\"ptp-bullet-item ptp-row-id-2\">Plan Correo electr\u00f3nico\r<\/div><div class=\"ptp-bullet-item ptp-row-id-3\">Dise\u00f1o Bronce\r<\/div><div class=\"ptp-bullet-item ptp-row-id-4\">Alojamiento incluido: 1 a\u00f1o (Plan Bronce)\r<\/div><div class=\"ptp-bullet-item ptp-row-id-5\">Adaptado a Normativa Politica de privacidad\r<\/div><div class=\"ptp-bullet-item ptp-row-id-6\">HTML5, CSS3\r<\/div><div class=\"ptp-bullet-item ptp-row-id-7\">Alta en buscadores\r<\/div><div class=\"ptp-bullet-item ptp-row-id-8\">Instalaci\u00f3n y puesta en marcha \r<\/div><div class=\"ptp-bullet-item ptp-row-id-9\">Entrega en 2-6 d\u00edas h\u00e1biles<\/div><div class=\"ptp-bullet-item ptp-row-id-10 tt-ptp-empty-row \">&nbsp;<\/div><div class=\"ptp-bullet-item ptp-row-id-11 tt-ptp-empty-row \">&nbsp;<\/div><div class=\"ptp-cta\"><a class=\"ptp-button ptp-checkout-button\" id=\"ptp-1032-cta-0\"  href=\"https:\/\/pymessoft.com\/web\/product\/pagina-web\/cart\/?add-to-cart=1555\" >Lo quiero!<\/a><\/div><\/div><\/div><div class=\"ptp-col ptp-three-col ptp-highlight ptp-col-id-1 dh-ptp-col-id-1\"><div class=\"ptp-most-popular\">Recomendado<\/div><div class=\"ptp-item-container\"><div class=\"ptp-plan\"><img decoding=\"async\" src=\"https:\/\/pymessoft.com\/web\/wp-content\/uploads\/2017\/01\/diseno-pagina-web.png\" alt=\"dise\u00f1o pagina web\">Dise\u00f1o P\u00e1gina Web <br \/><span style=\"color:#A0A0A0\"> Plata <\/span><\/div><div class=\"ptp-price\">699.90 \u20ac<\/div><div class=\"ptp-bullet-item ptp-row-id-0\">P\u00e1ginas incluidas: 8-12\r<\/div><div class=\"ptp-bullet-item ptp-row-id-1\">Dise\u00f1o web responsive*\r<\/div><div class=\"ptp-bullet-item ptp-row-id-2\">Plan Correo electr\u00f3nico\r<\/div><div class=\"ptp-bullet-item ptp-row-id-3\">Dise\u00f1o Plata\r<\/div><div class=\"ptp-bullet-item ptp-row-id-4\">Alojamiento incluido: 1 a\u00f1o (Plan Plata)\r<\/div><div class=\"ptp-bullet-item ptp-row-id-5\">Adaptado a Normativa Politica de privacidad\r<\/div><div class=\"ptp-bullet-item ptp-row-id-6\">HTML5, CSS3\r<\/div><div class=\"ptp-bullet-item ptp-row-id-7\">Alta en buscadores\r<\/div><div class=\"ptp-bullet-item ptp-row-id-8\">Instalaci\u00f3n y puesta en marcha \r<\/div><div class=\"ptp-bullet-item ptp-row-id-9\">Estad\u00edsticas de visitas mensuales\r<\/div><div class=\"ptp-bullet-item ptp-row-id-10\">Entrega en 7-15 d\u00edas h\u00e1biles<\/div><div class=\"ptp-bullet-item ptp-row-id-11 tt-ptp-empty-row \">&nbsp;<\/div><div class=\"ptp-cta\"><a class=\"ptp-button ptp-checkout-button\" id=\"ptp-1032-cta-1\"  href=\"https:\/\/pymessoft.com\/web\/product\/pagina-web\/cart\/?add-to-cart=1035\" >Lo quiero!<\/a><\/div><\/div><\/div><div class=\"ptp-col ptp-three-col  ptp-col-id-2 dh-ptp-col-id-2\"><div class=\"ptp-not-most-popular\">&nbsp;<\/div><div class=\"ptp-item-container\"><div class=\"ptp-plan\"><img decoding=\"async\" src=\"https:\/\/pymessoft.com\/web\/wp-content\/uploads\/2017\/01\/diseno-pagina-web.png\" alt=\"dise\u00f1o pagina web\">Dise\u00f1o P\u00e1gina Web <br \/><span style=\"color:#DDC100\"> Oro <\/span><\/div><div class=\"ptp-price\">999.90 \u20ac<\/div><div class=\"ptp-bullet-item ptp-row-id-0\">P\u00e1ginas incluidas: 15-20\r<\/div><div class=\"ptp-bullet-item ptp-row-id-1\">Dise\u00f1o web responsive\r<\/div><div class=\"ptp-bullet-item ptp-row-id-2\">Plan Correo electr\u00f3nico\r<\/div><div class=\"ptp-bullet-item ptp-row-id-3\">Dise\u00f1o Oro\r<\/div><div class=\"ptp-bullet-item ptp-row-id-4\">Alojamiento incluido: 1 a\u00f1o (Plan Oro)\r<\/div><div class=\"ptp-bullet-item ptp-row-id-5\">Adaptado a Normativa Politica de privacidad\r<\/div><div class=\"ptp-bullet-item ptp-row-id-6\">HTML5, CSS3\r<\/div><div class=\"ptp-bullet-item ptp-row-id-7\">Alta en buscadores\r<\/div><div class=\"ptp-bullet-item ptp-row-id-8\">Instalaci\u00f3n y puesta en marcha \r<\/div><div class=\"ptp-bullet-item ptp-row-id-9\">Estad\u00edsticas de visitas mensuales\r<\/div><div class=\"ptp-bullet-item ptp-row-id-10\">Multidioma\r<\/div><div class=\"ptp-bullet-item ptp-row-id-11\">Entrega en 10-20 d\u00edas h\u00e1biles<\/div><div class=\"ptp-cta\"><a class=\"ptp-button ptp-checkout-button\" id=\"ptp-1032-cta-2\"  href=\"https:\/\/pymessoft.com\/web\/product\/pagina-web\/cart\/?add-to-cart=1036\" >Lo quiero!<\/a><\/div><\/div><\/div><\/div>\n<h5>*var\u00eda seg\u00fan el plan elegido para su Dise\u00f1o P\u00e1gina Web<\/h5>\n<p style=\"text-align: justify;\">Como conclusi\u00f3n a nuestro esfuerzo, aqu\u00ed puede ver algunos <strong>ejemplos<\/strong> de p\u00e1ginas web que han sido realizadas para diferentes <strong>empresas<\/strong>. Cada proyecto realizado tiene una <strong>presencia online<\/strong> y adem\u00e1s algunas web llevan <strong>posicionamiento<\/strong> <strong>SEO<\/strong> o <strong>SEM<\/strong> (<strong>campa\u00f1as de publicidad<\/strong>). Tambi\u00e9n creamos p\u00e1ginas web de <strong>tiendas online<\/strong> o integradas. Dise\u00f1o de <strong>Im\u00e1genes corporativas<\/strong> realizadas.<\/p>\n<p style=\"text-align: justify;\">Visite alguna de ellas o <a href=\"http:\/\/pymessoft.com\/web\/contacto\/\" target=\"_blank\" rel=\"noopener noreferrer\">contacte con nosotros<\/a>, porque podemos asesorarle gratis al crear su p\u00e1gina web de empresa o negocio. O simplemente crear su\u00a0 imagen de producto o <a href=\"https:\/\/es.wikipedia.org\/wiki\/Branding\" target=\"_blank\" rel=\"noopener noreferrer\">branding<\/a>.<\/p>\n<ul>\n<li>Tienda online, de<a href=\"http:\/\/www.chibolito.com\" target=\"_blank\" rel=\"noopener noreferrer\"> accesorios para ni\u00f1os y objetos musicales Chibolito.<\/a><\/li>\n<li>P\u00e1gina web corporativa de empresa de<a href=\"http:\/\/www.comabe.es\" target=\"_blank\" rel=\"noopener noreferrer\"> instalaciones el\u00e9ctricas (Endesa) Comabe.es<\/a>.<\/li>\n<li><a href=\"http:\/\/www.belgrano.es\" target=\"_blank\" rel=\"noopener noreferrer\">Belgrano: Fot\u00f3grafo en M\u00e1laga.<\/a><\/li>\n<li>Tienda profesional de<a href=\"http:\/\/www.mybathproject.com\" target=\"_blank\" rel=\"noopener noreferrer\"> materiales de ba\u00f1o y accesorios: MyBathProject<\/a>.<\/li>\n<\/ul>\n","protected":false},"excerpt":{"rendered":"<p style=\"text-align: justify;\">Desarrollamos el Dise\u00f1o P\u00e1gina Web para su empresa o negocio.<img loading=\"lazy\" decoding=\"async\" class=\"alignnone\" style=\"float: right; width: 150px;\" draggable=\"false\" src=\"https:\/\/pymessoft.com\/web\/wp-content\/uploads\/2015\/11\/google_partners-250x96.png\" alt=\"Dise\u00f1o P\u00e1gina Web Empresa\" width=\"250\" height=\"96\" \/><\/p>\n<p style=\"text-align: justify;\">Debe considerar\u00a0que el <strong>Dise\u00f1o P\u00e1gina Web Empresa<\/strong>\u00a0ser\u00e1 la primera impresi\u00f3n que muchos clientes\u00a0van a tener de su empresa. Debe\u00a0<strong>reforzar siempre la imagen de marca<\/strong>, comunicar correctamente y trasladar al cliente\u00a0los valores de la empresa, trasmitir confianza y profesionalidad\u00a0y <strong>adem\u00e1s destacar\u00a0con respecto a la competencia.<\/strong><\/p>\n<p style=\"text-align: justify;\">Elija una opci\u00f3n o consulte las <a href=\"#planes\">Tarifas Dise\u00f1o P\u00e1ginas Web<\/a> m\u00e1s abajo.<\/p>\n","protected":false},"featured_media":2369,"comment_status":"open","ping_status":"closed","template":"","meta":{"_kad_post_transparent":"default","_kad_post_title":"","_kad_post_layout":"right","_kad_post_sidebar_id":"","_kad_post_content_style":"default","_kad_post_vertical_padding":"default","_kad_post_feature":"","_kad_post_feature_position":"","_kad_post_header":false,"_kad_post_footer":false},"product_brand":[],"product_cat":[72,63],"product_tag":[81,65,75],"class_list":{"0":"post-1031","1":"product","2":"type-product","3":"status-publish","4":"has-post-thumbnail","6":"product_cat-pagina-web","7":"product_cat-web","8":"product_tag-pagina-web-empresa","9":"product_tag-paginas-web","10":"product_tag-planes","12":"first","13":"instock","14":"featured","15":"taxable","16":"shipping-taxable","17":"purchasable","18":"product-type-variable","19":"has-default-attributes","20":"entry","21":"content-bg","22":"loop-entry"},"_links":{"self":[{"href":"https:\/\/pymessoft.com\/web\/wp-json\/wp\/v2\/product\/1031","targetHints":{"allow":["GET"]}}],"collection":[{"href":"https:\/\/pymessoft.com\/web\/wp-json\/wp\/v2\/product"}],"about":[{"href":"https:\/\/pymessoft.com\/web\/wp-json\/wp\/v2\/types\/product"}],"replies":[{"embeddable":true,"href":"https:\/\/pymessoft.com\/web\/wp-json\/wp\/v2\/comments?post=1031"}],"wp:featuredmedia":[{"embeddable":true,"href":"https:\/\/pymessoft.com\/web\/wp-json\/wp\/v2\/media\/2369"}],"wp:attachment":[{"href":"https:\/\/pymessoft.com\/web\/wp-json\/wp\/v2\/media?parent=1031"}],"wp:term":[{"taxonomy":"product_brand","embeddable":true,"href":"https:\/\/pymessoft.com\/web\/wp-json\/wp\/v2\/product_brand?post=1031"},{"taxonomy":"product_cat","embeddable":true,"href":"https:\/\/pymessoft.com\/web\/wp-json\/wp\/v2\/product_cat?post=1031"},{"taxonomy":"product_tag","embeddable":true,"href":"https:\/\/pymessoft.com\/web\/wp-json\/wp\/v2\/product_tag?post=1031"}],"curies":[{"name":"wp","href":"https:\/\/api.w.org\/{rel}","templated":true}]}}