{"id":481,"date":"2015-09-29T05:26:25","date_gmt":"2015-09-29T03:26:25","guid":{"rendered":"http:\/\/pymessoft.com\/web\/?post_type=product&#038;p=481"},"modified":"2024-10-24T19:46:51","modified_gmt":"2024-10-24T17:46:51","slug":"publicidad-google-adwords-anuncios","status":"publish","type":"product","link":"https:\/\/pymessoft.com\/web\/product\/publicidad-google-adwords-anuncios\/","title":{"rendered":"Publicidad Google Adwords: Anuncios Google de publicidad"},"content":{"rendered":"<h1>Anuncios de publicidad Google Adwords<\/h1>\n<blockquote>\n<p style=\"text-align: justify;\">Nos encargamos de las campa\u00f1as de\u00a0tu Publicidad Google Adwords. Marketing online y anuncios google que garantizan\u00a0<strong>visitas de clientes inmediatas<\/strong> a su empresa, negocio, servicio o\u00a0producto publicitado. <strong>Clientes potenciales<\/strong>.<\/p>\n<\/blockquote>\n<p style=\"text-align: justify;\"><img loading=\"lazy\" decoding=\"async\" class=\"alignright wp-image-1305 size-medium\" title=\"Publicidad Google Adwords Anuncios\" src=\"http:\/\/pymessoft.com\/web\/wp-content\/uploads\/2015\/09\/grafico_vectores_pymessoft-250x123.png\" alt=\"Publicidad Google Adwords Anuncios\" width=\"250\" height=\"123\" srcset=\"https:\/\/pymessoft.com\/web\/wp-content\/uploads\/2015\/09\/grafico_vectores_pymessoft-250x123.png 250w, https:\/\/pymessoft.com\/web\/wp-content\/uploads\/2015\/09\/grafico_vectores_pymessoft-300x147.png 300w, https:\/\/pymessoft.com\/web\/wp-content\/uploads\/2015\/09\/grafico_vectores_pymessoft-768x377.png 768w, https:\/\/pymessoft.com\/web\/wp-content\/uploads\/2015\/09\/grafico_vectores_pymessoft-800x392.png 800w, https:\/\/pymessoft.com\/web\/wp-content\/uploads\/2015\/09\/grafico_vectores_pymessoft.png 871w\" sizes=\"auto, (max-width: 250px) 100vw, 250px\" \/>Nos encargamos de planificar y gestionar su Publicidad Google con campa\u00f1as online. Realizamos la publicidad en buscadores y redes contextuales. Nuestro objetivo es que cada euro que inviertas se convierta en negocio para tu empresa.<\/p>\n<p style=\"text-align: justify;\">En comparaci\u00f3n con otros estudios, para conseguir nuestro objetivo, utilizamos cuatro ingredientes b\u00e1sicos: <strong>herramientas<\/strong> que agilizan la gesti\u00f3n de campa\u00f1as Google. La\u00a0<strong>tecnolog\u00eda<\/strong> que ayuda a optimizar resultados: un gran <strong>equipo<\/strong> de profesionales con <strong>amplia experiencia en SEM<\/strong> y una profunda <strong>orientaci\u00f3n<\/strong> al cliente.<\/p>\n<p><img loading=\"lazy\" decoding=\"async\" class=\"aligncenter wp-image-1722 size-large\" title=\"marketing online\" src=\"http:\/\/pymessoft.com\/web\/wp-content\/uploads\/2015\/09\/marketing-online-pagina-web-674x600.png\" alt=\"marketing online\" width=\"674\" height=\"600\" srcset=\"https:\/\/pymessoft.com\/web\/wp-content\/uploads\/2015\/09\/marketing-online-pagina-web-674x600.png 674w, https:\/\/pymessoft.com\/web\/wp-content\/uploads\/2015\/09\/marketing-online-pagina-web-300x267.png 300w, https:\/\/pymessoft.com\/web\/wp-content\/uploads\/2015\/09\/marketing-online-pagina-web-250x223.png 250w, https:\/\/pymessoft.com\/web\/wp-content\/uploads\/2015\/09\/marketing-online-pagina-web-768x684.png 768w, https:\/\/pymessoft.com\/web\/wp-content\/uploads\/2015\/09\/marketing-online-pagina-web-169x150.png 169w, https:\/\/pymessoft.com\/web\/wp-content\/uploads\/2015\/09\/marketing-online-pagina-web-150x134.png 150w, https:\/\/pymessoft.com\/web\/wp-content\/uploads\/2015\/09\/marketing-online-pagina-web.png 991w\" sizes=\"auto, (max-width: 674px) 100vw, 674px\" \/><\/p>\n<p style=\"text-align: justify;\"><a name=\"planes\"><\/a>Algunos clientes se conforman con obtener clics en su campa\u00f1a, pero no todos lo clientes que llegan a tu web son clientes potenciales. Por ello, ofrecemos un plan de estudio de anuncios Google de calidad con \u00e9xitos de venta mayor.<\/p>\n<p style=\"text-align: justify;\"><style> \/* simple flat #634 *\/#ptp-634{border-color:#ddd;padding:0;margin-left:0;margin-right:0}#ptp-634 div.ptp-item-container{border-radius:5px}#ptp-634 div.ptp-item-container div{margin:0}#ptp-634 .ptp-highlight div.ptp-item-container{border-color:#ddd}#ptp-634 div.ptp-plan{border-top-right-radius:5px;border-top-left-radius:5px;font-size:1em;border-color:#ddd;background-color:#ddd;color:#333;padding:.9375em 1.25em}#ptp-634 div.ptp-plan .has-tip{border-bottom:dotted 1px #333;color:#333}#ptp-634 .ptp-highlight div.ptp-plan{border-color:#ddd;background-color:#ddd;color:#333}#ptp-634 .ptp-highlight div.ptp-plan .has-tip{border-bottom:dotted 1px #333;color:#333}#ptp-634 div.ptp-price{font-size:1.25em;background-color:#eee;color:#333;padding:.9375em 1.25em}#ptp-634 div.ptp-price .has-tip{border-bottom:dotted 1px #333;color:#333}#ptp-634 .ptp-highlight div.ptp-price{background-color:#eee;color:#333}#ptp-634 .ptp-highlight div.ptp-price .has-tip{border-bottom:dotted 1px #333;color:#333}#ptp-634 div.ptp-cta{border-bottom-right-radius:5px;border-bottom-left-radius:5px;background-color:#eee;padding-top:1.25em;padding-bottom:1.25em}#ptp-634 .ptp-highlight div.ptp-cta{background-color:#eee}#ptp-634 a.ptp-button{border-radius:5px;font-size:1em;color:#fff;background-color:#3498db;border-bottom:#2980b9 4px solid;margin:0}#ptp-634 a.ptp-button .has-tip,#ptp-634 a.ptp-button:hover .has-tip{border-bottom:dotted 1px #fff;color:#fff}#ptp-634 a.ptp-button:hover{background-color:#2980b9}#ptp-634 div.ptp-bullet-item{color:#333;background-color:#fff;font-size:.875em;border-color:#ddd;padding:.9375em .5em .9375em .5em}#ptp-634 .ptp-highlight .ptp-bullet-item{color:#333;border-color:#ddd;background-color:#fff}#ptp-634 .ptp-highlight a.ptp-button{color:#fff;background-color:#ff72b1;border-bottom:#ff328e 4px solid}#ptp-634 .ptp-highlight a.ptp-button:hover{background-color:#ff0876}#ptp-634 .ptp-highlight a.ptp-button .has-tip{border-bottom:dotted 1px #fff;color:#fff}#ptp-634 div.ptp-most-popular{border-radius:5px;font-size:.9em;background-color:#7f8c8d;color:#fff;border:1px solid #7f8c8d}\/* end of simple flat #634 *\/<\/style>        <script type=\"text\/javascript\">\n         jQuery(document).ready(function($) {\n            jQuery.call_match_height_634 = function call_match_height_design1(ptp_id) {\n                                $( ptp_id+' .ptp-plan' ).matchHeight(false); \n                                $( ptp_id+' .ptp-cta' ).matchHeight(false); \n                                $( ptp_id+' .ptp-price' ).matchHeight(false);\n                                $( ptp_id+' .ptp-button' ).matchHeight(false);\n\n                                $( ptp_id+' .ptp-bullet-item' ).each(function( index ){\n                                    $( ptp_id+' .ptp-row-id-'+index ).matchHeight(false);\n             \n                                });  \n                         }\n            var ptp_id = '#ptp-'+634 ;\n            $.call_match_height_634 ( ptp_id );              \n         });\n      <\/script>\n      \n        <div id=\"ptp-634\" class=\"ptp-pricing-table\" ><div class=\"ptp-col ptp-four-col ptp-highlight ptp-col-id-0 dh-ptp-col-id-0\"><div class=\"ptp-most-popular\">M\u00e1s popular<\/div><div class=\"ptp-item-container\"><div class=\"ptp-plan\">Campa\u00f1as de Publicidad <br> Google Adwords Bronce<\/div><div class=\"ptp-price\">349 \u20ac<\/div><div class=\"ptp-bullet-item ptp-row-id-0\">Creaci\u00f3n y gesti\u00f3n de Adwords durante 3 meses. (sin permanencia)\r<\/div><div class=\"ptp-bullet-item ptp-row-id-1\">Despu\u00e9s de los 3 meses el mantenimiento es de 79 \u20ac\/mes.\r<\/div><div class=\"ptp-bullet-item ptp-row-id-2\">Cuenta propia en Google\r<\/div><div class=\"ptp-bullet-item ptp-row-id-3\">N\u00famero de palabras clave: sin limite*\r<\/div><div class=\"ptp-bullet-item ptp-row-id-4\">Anuncio en primera p\u00e1gina\r<\/div><div class=\"ptp-bullet-item ptp-row-id-5\">Formaci\u00f3n incluida*\r<\/div><div class=\"ptp-bullet-item ptp-row-id-6\">Atenci\u00f3n permanente y transparencia\r<\/div><div class=\"ptp-bullet-item ptp-row-id-7\">Canal publicitario de B\u00fasqueda y  Red de Contenido\r<\/div><div class=\"ptp-bullet-item ptp-row-id-8\">Anuncios de Texto Est\u00e1ticos y Din\u00e1micos\r<\/div><div class=\"ptp-bullet-item ptp-row-id-9\">Hasta 2 Campa\u00f1as de publicidad\r<\/div><div class=\"ptp-bullet-item ptp-row-id-10\">Hasta 4 grupos de anuncios<\/div><div class=\"ptp-cta\"><a class=\"ptp-button ptp-checkout-button\" id=\"ptp-634-cta-0\"  href=\"https:\/\/pymessoft.com\/web\/product\/publicidad-con-google-adwords\/cart\/?add-to-cart=482\" >Lo quiero!<\/a><\/div><\/div><\/div><div class=\"ptp-col ptp-four-col  ptp-col-id-1 dh-ptp-col-id-1\"><div class=\"ptp-not-most-popular\">&nbsp;<\/div><div class=\"ptp-item-container\"><div class=\"ptp-plan\">Campa\u00f1as de Publicidad <br> Google Adwords Plata<\/div><div class=\"ptp-price\">999 \u20ac<\/div><div class=\"ptp-bullet-item ptp-row-id-0\">Gesti\u00f3n de Adwords avanzado durante 6 meses (sin permanencia)\r<\/div><div class=\"ptp-bullet-item ptp-row-id-1\">Despu\u00e9s de 6 meses el mantenimiento es de 139 \u20ac\/mes.\r<\/div><div class=\"ptp-bullet-item ptp-row-id-2\">Cuenta propia en Google\r<\/div><div class=\"ptp-bullet-item ptp-row-id-3\">N\u00famero de palabras clave: sin limite*\r<\/div><div class=\"ptp-bullet-item ptp-row-id-4\">Anuncio en primera p\u00e1gina\r<\/div><div class=\"ptp-bullet-item ptp-row-id-5\">Formaci\u00f3n incluida*\r<\/div><div class=\"ptp-bullet-item ptp-row-id-6\">Atenci\u00f3n permanente y transparencia\r<\/div><div class=\"ptp-bullet-item ptp-row-id-7\">Canal publicitario de B\u00fasqueda y  Red de Contenido\r<\/div><div class=\"ptp-bullet-item ptp-row-id-8\">Anuncios de Texto Est\u00e1ticos y Din\u00e1micos\r<\/div><div class=\"ptp-bullet-item ptp-row-id-9\">Hasta 5 Campa\u00f1as de publicidad\r<\/div><div class=\"ptp-bullet-item ptp-row-id-10\">Hasta 10 grupos de anuncios<\/div><div class=\"ptp-cta\"><a class=\"ptp-button ptp-checkout-button\" id=\"ptp-634-cta-1\"  href=\"https:\/\/pymessoft.com\/web\/product\/publicidad-con-google-adwords\/cart\/?add-to-cart=483\" >Lo quiero!<\/a><\/div><\/div><\/div><div class=\"ptp-col ptp-four-col  ptp-col-id-2 dh-ptp-col-id-2\"><div class=\"ptp-not-most-popular\">&nbsp;<\/div><div class=\"ptp-item-container\"><div class=\"ptp-plan\">Gestor dedicado <br> Google Adwords Oro<\/div><div class=\"ptp-price\">449 \u20ac \/ mes<\/div><div class=\"ptp-bullet-item ptp-row-id-0\">Un gestor especializado en Adwords con dedicaci\u00f3n a su cuenta\r<\/div><div class=\"ptp-bullet-item ptp-row-id-1\">Estudio profundo de su p\u00e1gina web concreta y de su sector de actividad.\r<\/div><div class=\"ptp-bullet-item ptp-row-id-2\">Estudio y selecci\u00f3n de las b\u00fasquedas (palabras clave) m\u00e1s id\u00f3neas\r<\/div><div class=\"ptp-bullet-item ptp-row-id-3\">M\u00ednimo coste de las visitas\r<\/div><div class=\"ptp-bullet-item ptp-row-id-4\">Anuncio en primera p\u00e1gina\r<\/div><div class=\"ptp-bullet-item ptp-row-id-5\">Atenci\u00f3n permanente y transparencia\r<\/div><div class=\"ptp-bullet-item ptp-row-id-6\">Tarifa Plana de Creaci\u00f3n de Campa\u00f1as de publicidad*\r<\/div><div class=\"ptp-bullet-item ptp-row-id-7\">Tarifa Plana de Creaci\u00f3n de Grupos de Anuncios*\r<\/div><div class=\"ptp-bullet-item ptp-row-id-8\">Remarketing\r<\/div><div class=\"ptp-bullet-item ptp-row-id-9\">Canal publicitario de B\u00fasqueda y  Red de Contenido<\/div><div class=\"ptp-bullet-item ptp-row-id-10 tt-ptp-empty-row \">&nbsp;<\/div><div class=\"ptp-cta\"><a class=\"ptp-button ptp-checkout-button\" id=\"ptp-634-cta-2\"  href=\"https:\/\/pymessoft.com\/web\/product\/publicidad-con-google-adwords\/cart\/?add-to-cart=484\" >Lo quiero!<\/a><\/div><\/div><\/div><div class=\"ptp-col ptp-four-col  ptp-col-id-3 dh-ptp-col-id-3\"><div class=\"ptp-not-most-popular\">&nbsp;<\/div><div class=\"ptp-item-container\"><div class=\"ptp-plan\">Personalizado<\/div><div class=\"ptp-price\">Consultar<\/div><div class=\"ptp-bullet-item ptp-row-id-0\">Contacte con nosotros para campa\u00f1as personalizadas<\/div><div class=\"ptp-bullet-item ptp-row-id-1 tt-ptp-empty-row \">&nbsp;<\/div><div class=\"ptp-bullet-item ptp-row-id-2 tt-ptp-empty-row \">&nbsp;<\/div><div class=\"ptp-bullet-item ptp-row-id-3 tt-ptp-empty-row \">&nbsp;<\/div><div class=\"ptp-bullet-item ptp-row-id-4 tt-ptp-empty-row \">&nbsp;<\/div><div class=\"ptp-bullet-item ptp-row-id-5 tt-ptp-empty-row \">&nbsp;<\/div><div class=\"ptp-bullet-item ptp-row-id-6 tt-ptp-empty-row \">&nbsp;<\/div><div class=\"ptp-bullet-item ptp-row-id-7 tt-ptp-empty-row \">&nbsp;<\/div><div class=\"ptp-bullet-item ptp-row-id-8 tt-ptp-empty-row \">&nbsp;<\/div><div class=\"ptp-bullet-item ptp-row-id-9 tt-ptp-empty-row \">&nbsp;<\/div><div class=\"ptp-bullet-item ptp-row-id-10 tt-ptp-empty-row \">&nbsp;<\/div><div class=\"ptp-cta\"><a class=\"ptp-button ptp-checkout-button\" id=\"ptp-634-cta-3\"  href=\"https:\/\/pymessoft.com\/web\/contacto\/\" >Consultar<\/a><\/div><\/div><\/div><\/div><\/p>\n<h1>Conclusiones al crear anuncios y publicidad Google<\/h1>\n<p style=\"text-align: justify;\">Como conclusi\u00f3n, la publicidad en Google funciona. Ponemos todos los medios para alcanzar los objetivos de nuestro cliente.<\/p>\n<p style=\"text-align: justify;\">Cada cliente tiene diferentes necesidades y por ello, ofrecemos soluciones \u00fanicas para publicidad con Google Adwords, Marketing online\u00a0seg\u00fan su presupuesto. Aunque si lo desea, puede <a href=\"http:\/\/pymessoft.com\/web\/contacto\/\" target=\"_blank\" rel=\"noopener\">contactar <\/a>para campa\u00f1as de mayor envergadura.<\/p>\n<p style=\"text-align: justify;\">Usted elije un plan de Publicidad Google Adwords, seg\u00fan su <strong>presupuesto<\/strong>. Adem\u00e1s, nosotros nos encargamos de <strong>realizar la campa\u00f1a<\/strong> e informarle de la evoluci\u00f3n de su inversi\u00f3n y de la estrategia recomendada seg\u00fan sus preferencias. (Env\u00edamos los informes estad\u00edsticos y seguimiento a su direcci\u00f3n de correo, para ver la evoluci\u00f3n de la campa\u00f1a)<\/p>\n<p style=\"text-align: justify;\">Casos de exito:<\/p>\n<figure id=\"attachment_28\" aria-describedby=\"caption-attachment-28\" style=\"width: 150px\" class=\"wp-caption alignleft\"><img loading=\"lazy\" decoding=\"async\" class=\"wp-image-28 size-full\" title=\"Publicidad Google Adwords, Anuncios Google\" src=\"http:\/\/pymessoft.com\/web\/wp-content\/uploads\/2014\/11\/caja_cuotagest2014_150px.png\" alt=\"Publicidad Google Adwords, Marketing online para el software para peluquerias y clubes Cuotagest\" width=\"150\" height=\"150\" srcset=\"https:\/\/pymessoft.com\/web\/wp-content\/uploads\/2014\/11\/caja_cuotagest2014_150px.png 150w, https:\/\/pymessoft.com\/web\/wp-content\/uploads\/2014\/11\/caja_cuotagest2014_150px-100x100.png 100w\" sizes=\"auto, (max-width: 150px) 100vw, 150px\" \/><figcaption id=\"caption-attachment-28\" class=\"wp-caption-text\">Publicidad Google Adwords, Anuncios Google y Marketing online para el software para peluquerias y clubes Cuotagest<\/figcaption><\/figure>\n<figure id=\"attachment_269\" aria-describedby=\"caption-attachment-269\" style=\"width: 150px\" class=\"wp-caption alignleft\"><img loading=\"lazy\" decoding=\"async\" class=\"wp-image-269 size-thumbnail\" title=\"Publicidad Google Adwords, Anuncios Google \" src=\"http:\/\/pymessoft.com\/web\/wp-content\/uploads\/2015\/09\/www.marmolesramos-150x150.png\" alt=\"Publicidad Google Adwords, Anuncios Google y Marketing online para M\u00e1rmoles - Granitos M\u00e1laga\" width=\"150\" height=\"150\" srcset=\"https:\/\/pymessoft.com\/web\/wp-content\/uploads\/2015\/09\/www.marmolesramos-150x150.png 150w, https:\/\/pymessoft.com\/web\/wp-content\/uploads\/2015\/09\/www.marmolesramos-200x200.png 200w, https:\/\/pymessoft.com\/web\/wp-content\/uploads\/2015\/09\/www.marmolesramos-100x100.png 100w, https:\/\/pymessoft.com\/web\/wp-content\/uploads\/2015\/09\/www.marmolesramos-500x500.png 500w\" sizes=\"auto, (max-width: 150px) 100vw, 150px\" \/><figcaption id=\"caption-attachment-269\" class=\"wp-caption-text\">Publicidad Google Adwords, Anuncios Google y Marketing online para M\u00e1rmoles &#8211; Granitos M\u00e1laga<\/figcaption><\/figure>\n<figure id=\"attachment_283\" aria-describedby=\"caption-attachment-283\" style=\"width: 150px\" class=\"wp-caption alignleft\"><img loading=\"lazy\" decoding=\"async\" class=\"wp-image-283 size-thumbnail\" title=\"Publicidad Google Adwords, Anuncios Google \" src=\"http:\/\/pymessoft.com\/web\/wp-content\/uploads\/2015\/09\/comabe.net_-150x150.png\" alt=\"Publicidad Google Adwords, Anuncios Google y Marketing online para empresa Comabe - Servicios El\u00e9ctricos\" width=\"150\" height=\"150\" srcset=\"https:\/\/pymessoft.com\/web\/wp-content\/uploads\/2015\/09\/comabe.net_-150x150.png 150w, https:\/\/pymessoft.com\/web\/wp-content\/uploads\/2015\/09\/comabe.net_-200x200.png 200w, https:\/\/pymessoft.com\/web\/wp-content\/uploads\/2015\/09\/comabe.net_-100x100.png 100w, https:\/\/pymessoft.com\/web\/wp-content\/uploads\/2015\/09\/comabe.net_-500x500.png 500w\" sizes=\"auto, (max-width: 150px) 100vw, 150px\" \/><figcaption id=\"caption-attachment-283\" class=\"wp-caption-text\">Publicidad Google Adwords, Anuncios Google y Marketing online para empresa Comabe &#8211; Servicios El\u00e9ctricos<\/figcaption><\/figure>\n<hr \/>\n<h5>Temas de inter\u00e9s: anuncios google, publicidad google, anuncio google, marketing google, precios<a href=\"https:\/\/es.wikipedia.org\/wiki\/AdWords\" target=\"_blank\" rel=\"noopener\"> google adwords<\/a><\/h5>\n<hr \/>\n","protected":false},"excerpt":{"rendered":"<p style=\"text-align: justify;\">Publicidad <strong>Google Adwords<\/strong> &#8211; \u00a0Anuncios Google mediante\u00a0<strong>campa\u00f1as publicitarias<\/strong> para su negocio, adaptado a su\u00a0objetivo y presupuesto.<\/p>\n<p style=\"text-align: justify;\">Si desea consultar los planes disponibles <a href=\"#planes\">pulse aqu\u00ed<\/a>.<\/p>\n<p style=\"text-align: justify;\">\n","protected":false},"featured_media":2372,"comment_status":"open","ping_status":"closed","template":"","meta":{"_kad_post_transparent":"","_kad_post_title":"","_kad_post_layout":"","_kad_post_sidebar_id":"","_kad_post_content_style":"","_kad_post_vertical_padding":"","_kad_post_feature":"","_kad_post_feature_position":"","_kad_post_header":false,"_kad_post_footer":false},"product_brand":[],"product_cat":[140,141,139,80,64],"product_tag":[47,142,45,48,46],"class_list":{"0":"post-481","1":"product","2":"type-product","3":"status-publish","4":"has-post-thumbnail","6":"product_cat-adword","7":"product_cat-marketing","8":"product_cat-publicidad-google","9":"product_cat-sem","10":"product_cat-seo","11":"product_tag-adwords","12":"product_tag-google","13":"product_tag-marketing","14":"product_tag-publicidad","15":"product_tag-sem","17":"first","18":"instock","19":"featured","20":"sold-individually","21":"taxable","22":"shipping-taxable","23":"purchasable","24":"product-type-variable","25":"entry","26":"content-bg","27":"loop-entry"},"_links":{"self":[{"href":"https:\/\/pymessoft.com\/web\/wp-json\/wp\/v2\/product\/481","targetHints":{"allow":["GET"]}}],"collection":[{"href":"https:\/\/pymessoft.com\/web\/wp-json\/wp\/v2\/product"}],"about":[{"href":"https:\/\/pymessoft.com\/web\/wp-json\/wp\/v2\/types\/product"}],"replies":[{"embeddable":true,"href":"https:\/\/pymessoft.com\/web\/wp-json\/wp\/v2\/comments?post=481"}],"wp:featuredmedia":[{"embeddable":true,"href":"https:\/\/pymessoft.com\/web\/wp-json\/wp\/v2\/media\/2372"}],"wp:attachment":[{"href":"https:\/\/pymessoft.com\/web\/wp-json\/wp\/v2\/media?parent=481"}],"wp:term":[{"taxonomy":"product_brand","embeddable":true,"href":"https:\/\/pymessoft.com\/web\/wp-json\/wp\/v2\/product_brand?post=481"},{"taxonomy":"product_cat","embeddable":true,"href":"https:\/\/pymessoft.com\/web\/wp-json\/wp\/v2\/product_cat?post=481"},{"taxonomy":"product_tag","embeddable":true,"href":"https:\/\/pymessoft.com\/web\/wp-json\/wp\/v2\/product_tag?post=481"}],"curies":[{"name":"wp","href":"https:\/\/api.w.org\/{rel}","templated":true}]}}