{"id":492,"date":"2015-09-29T06:22:07","date_gmt":"2015-09-29T04:22:07","guid":{"rendered":"http:\/\/pymessoft.com\/web\/?post_type=product&#038;p=492"},"modified":"2024-10-26T05:05:32","modified_gmt":"2024-10-26T03:05:32","slug":"posicionamiento-web-seo","status":"publish","type":"product","link":"https:\/\/pymessoft.com\/web\/product\/posicionamiento-web-seo\/","title":{"rendered":"Posicionamiento Web SEO"},"content":{"rendered":"<figure id=\"attachment_239\" aria-describedby=\"caption-attachment-239\" style=\"width: 150px\" class=\"wp-caption alignright\"><a href=\"http:\/\/pymessoft.com\/web\/wp-content\/uploads\/2015\/09\/Como-establecer-un-plan-de-marketing-online.jpg\" data-rel=\"lightbox-image-0\" data-rl_title=\"\" data-rl_caption=\"\" title=\"\"><img loading=\"lazy\" decoding=\"async\" class=\"size-thumbnail wp-image-239\" src=\"http:\/\/pymessoft.com\/web\/wp-content\/uploads\/2015\/09\/Como-establecer-un-plan-de-marketing-online-150x150.jpg\" alt=\"Certificados en Marketing Digital (Google)\" width=\"150\" height=\"150\" srcset=\"https:\/\/pymessoft.com\/web\/wp-content\/uploads\/2015\/09\/Como-establecer-un-plan-de-marketing-online-150x150.jpg 150w, https:\/\/pymessoft.com\/web\/wp-content\/uploads\/2015\/09\/Como-establecer-un-plan-de-marketing-online-200x200.jpg 200w, https:\/\/pymessoft.com\/web\/wp-content\/uploads\/2015\/09\/Como-establecer-un-plan-de-marketing-online-100x100.jpg 100w, https:\/\/pymessoft.com\/web\/wp-content\/uploads\/2015\/09\/Como-establecer-un-plan-de-marketing-online-500x500.jpg 500w\" sizes=\"auto, (max-width: 150px) 100vw, 150px\" \/><\/a><figcaption id=\"caption-attachment-239\" class=\"wp-caption-text\">Certificados en Marketing Digital (Google)<\/figcaption><\/figure>\n<p style=\"text-align: justify;\">Realizamos un <strong>posicionamiento Web SEO b\u00e1sico\u00a0de\u00a0su p\u00e1gina web<\/strong>,\u00a0para\u00a0que miles de usuarios puedan encontrarla. Adem\u00e1s elegimos y configuramos las palabras adecuadas para <strong>posicionar su web<\/strong>.<\/p>\n<p style=\"text-align: justify;\">Deje el posicionamiento web SEO en manos profesionales. Estamos <strong>certificados en Marketing Online\u00a0(Google).<\/strong><\/p>\n<p style=\"text-align: justify;\">Adem\u00e1s, analizamos su web y creamos <strong>informes estad\u00edsticos mensuales<\/strong>\u00a0que posteriormente le enviamos a su correo electr\u00f3nico para ver la <strong>evoluci\u00f3n de su web<\/strong>, cuantas visitas obtiene, desde que <strong>ubicaci\u00f3n<\/strong> o <strong>pa\u00eds<\/strong> tiene m\u00e1s visitas, y as\u00ed ayudarse a enfocar su negocio a<strong> clientes potenciales<\/strong> que incluso pensaba que no pod\u00eda tener.<\/p>\n<p style=\"text-align: justify;\">Conozca el pa\u00eds de origen de sus visitantes, cuantas visitas tiene, edad, \u00a0el tiempo que pasan en su p\u00e1gina web, porcentaje de abandonos,&#8230; y act\u00fae en funci\u00f3n de\u00a0sus clientes.<\/p>\n<p style=\"text-align: justify;\">Ejemplos de p\u00e1ginas web:<\/p>\n<p style=\"text-align: justify;\">\u00a0<section id=\"huge_it_portfolio_container_1\" data-object-name=\"images_obj_1\">\r\n\t<div id=\"huge-it-container-loading-overlay_1\"><\/div>\r\n\t<div id=\"huge_it_portfolio_content_1\"\r\n\t\t\t class=\"portfolio-gallery-content elastic_grid view-elastic-grid\"\r\n\t\t \t data-show-loading=\"on\"\r\n\t\t\t data-image-behaviour=\"crop\">\r\n\r\n\t<\/div>\r\n<\/section><style>\r\n#huge_it_portfolio_container_1 ul#portfolio-filter {\r\n text-align: center;\r\n}\r\n\r\n#huge_it_portfolio_container_1 ul#portfolio-filter li {\r\n float: none;\r\n}\r\n\r\n#huge_it_portfolio_container_1 ul#portfolio-filter a {\r\n    display: inline-block;\r\n    color: #444444;\r\n    background-color: #F7F7F7;\r\n    padding: 8px;\r\n    border-radius: 4px;\r\n    -moz-border-radius: 4px;\r\n    -webkit-border-radius: 4px;\r\n}\r\n\r\n#huge_it_portfolio_container_1 ul#portfolio-filter li.current a {\r\n    color: #fff !important;\r\n    background-color: #666 !important;\r\n}\r\n\r\n#huge_it_portfolio_container_1 ul#portfolio-filter li.current a:hover {\r\n    color: #fff !important;\r\n    background-color: #666 !important;\r\n}\r\n\r\n#huge_it_portfolio_container_1 ul#portfolio-filter a:hover {\r\n    color: #fff;\r\n    background-color: #FF3845;\r\n}\r\n\r\n#huge_it_portfolio_container_1 #huge-it-container-loading-overlay_1 {\r\n    width: 100%;\r\n    height: 100%;\r\n    position: absolute;\r\n    z-index: 1;\r\n    background: url(https:\/\/pymessoft.com\/web\/wp-content\/plugins\/portfolio-gallery\/assets\/images\/loading\/loading-1.svg) center top;\r\n    background-repeat: no-repeat;\r\n    background-size: 60px auto;\r\n}\r\n\r\n#huge_it_portfolio_container_1 #huge_it_portfolio_content_1 {\r\n opacity: 0;\r\n}\r\n\r\n#huge_it_portfolio_container_1 {\r\n    position: relative;\r\n    display: inline-block;\r\n    width: 100%;\r\n}\r\n\r\n#huge_it_portfolio_content_1 .wagwep-container {\r\n display: none;\r\n}\r\n\r\n#huge_it_portfolio_content_1 ul.og-grid {\r\n    padding: 0;\r\n text-align: center;\r\n}\r\n\r\n#huge_it_portfolio_content_1 .og-grid > li {\r\n    width: 250px;\r\n    height: 150px;\r\n margin: 10px 5px 0 5px;\r\n}\r\n\r\n#huge_it_portfolio_content_1 .og-grid > li > a {\r\n    width: 100%;\r\n    height: 100%;\r\n    overflow: hidden;\r\n    box-shadow: none;\r\n    max-height: 150px;\r\n    border: solid #DEDEDE 0px;\r\n}\r\n\r\n#huge_it_portfolio_content_1 .og-grid li > a > img {\r\n max-width: none;\r\n    max-height: none;\r\n}\r\n\r\n#huge_it_portfolio_content_1 .og-grid > li > a > figure > span {\r\n    padding: 10px 0;\r\n    margin: 40px 20px 20px 20px;\r\n    color: #FFFFFF;\r\n    border-bottom: solid #FFFFFF 1px;\r\n    font-size: 16px;\r\n    text-align: center;\r\n}\r\n\r\n#huge_it_portfolio_content_1 .og-grid > li .og-pointer {\r\n    border-bottom-color: #222222;\r\n}\r\n\r\n#huge_it_portfolio_content_1 .og-grid > li > a > figure {\r\n    background: rgba(72,72,72,0.7) ;\r\n    margin: 0;\r\n}\r\n\r\n#huge_it_portfolio_content_1 .og-expander {\r\n    width: 100%;\r\n    background: rgba(34,34,34,1) ;\r\n left: 50%;\r\n    transform: translateX(-50%);\r\n}\r\n\r\n#huge_it_portfolio_content_1 .og-expander .elastislide-wrapper {\r\n    background-color: #313131;\r\n box-shadow: inset 0 0 10px #000;\r\n    -moz-box-shadow: inset 0 0 10px #000;\r\n    -webkit-box-shadow: inset 0 0 10px #000;\r\n    margin-bottom: 25px;\r\n    height: 100px;\r\n    box-sizing: content-box;\r\n}\r\n\r\n#huge_it_portfolio_content_1 .og-expander ul.elastislide-list {\r\n    padding: 0;\r\n}\r\n\r\n#huge_it_portfolio_content_1 .og-expander ul.elastislide-list li {\r\n    margin: 0 2% 5px 1%;\r\n    max-width: none !important;\r\n    max-height: none !important;\r\n    width: 100px !important;\r\n    height: 100px !important;\r\n}\r\n\r\n#huge_it_portfolio_content_1 .og-expander ul.elastislide-list li > a > img {\r\n    width: 100%;\r\n    height: 100%;\r\n    max-width: none;\r\n    max-height: none;\r\n    border: 2px solid #313131px;\r\n}\r\n\r\n#huge_it_portfolio_content_1 .og-expander ul.elastislide-list li > a > img.selected {\r\n    border: 2px solid #999999;\r\n}\r\n\r\n#huge_it_portfolio_content_1 .og-expander ul.elastislide-list li > a {\r\n    width: 100%;\r\n    height: 100%;\r\n}\r\n\r\n#huge_it_portfolio_content_1 .og-expander .og-details a.link-button {\r\n    font-size: 11px;\r\n    color: #9f9f9f;\r\n    background-color: #454545;\r\n    box-shadow: none;\r\n}\r\n\r\n#huge_it_portfolio_content_1 .og-expander .og-details a.link-button:hover {\r\n    color: #999;\r\n    background: -webkit-gradient(\r\n        linear, left top, left bottom,\r\n        from(#454545),\r\n        to(#131313));\r\n}\r\n\r\n#huge_it_portfolio_content_1 .og-expander .og-expander-inner {\r\n    display: inline-block;\r\n    width: 100%;\r\n}\r\n\r\n#huge_it_portfolio_content_1 .og-expander .og-details p {\r\n    font-size: 13px;\r\n    color: #999;\r\n    text-align: left;\r\n    margin: 0;\r\n}\r\n\r\n#huge_it_portfolio_content_1 .og-expander .og-close {\r\n    z-index: 999;\r\n}\r\n\r\n#huge_it_portfolio_content_1 .og-expander .og-details {\r\n    float: right;\r\n    height: auto;\r\n}\r\n\r\n#huge_it_portfolio_content_1 .og-expander .og-details h3 {\r\n    color: #FFFFFF;\r\n}\r\n\r\n#huge_it_portfolio_content_1 .og-fullimg {\r\n    height: 100%;\r\n    float: left;\r\n}\r\n\r\n#huge_it_portfolio_content_1 .og-fullimg img {\r\n    margin-bottom: 25px;\r\n    width: 100%;\r\n}\r\n\r\n#huge_it_portfolio_content_1 .og-fullimg iframe {\r\n    width: 100%;\r\n    border: none;\r\n    height: 82%!important;\r\n}\r\n\r\n@media (max-width: 767px){\r\n    #huge_it_portfolio_content_1 .og-fullimg {\r\n        height: auto;\r\n    }\r\n}\r\n\r\n<\/style ><\/p>\n","protected":false},"excerpt":{"rendered":"<p>Posicionamiento Web SEO b\u00e1sico para su p\u00e1gina web. Configuramos su web para que aparezca en Google y aumente el n\u00famero de visitas a su web.<\/p>\n","protected":false},"featured_media":2378,"comment_status":"open","ping_status":"closed","template":"","meta":{"_kad_post_transparent":"","_kad_post_title":"","_kad_post_layout":"","_kad_post_sidebar_id":"","_kad_post_content_style":"","_kad_post_vertical_padding":"","_kad_post_feature":"","_kad_post_feature_position":"","_kad_post_header":false,"_kad_post_footer":false},"product_brand":[],"product_cat":[64,63],"product_tag":[47,45,48,46],"class_list":{"0":"post-492","1":"product","2":"type-product","3":"status-publish","4":"has-post-thumbnail","6":"product_cat-seo","7":"product_cat-web","8":"product_tag-adwords","9":"product_tag-marketing","10":"product_tag-publicidad","11":"product_tag-sem","13":"first","14":"instock","15":"virtual","16":"taxable","17":"purchasable","18":"product-type-simple","19":"entry","20":"content-bg","21":"loop-entry"},"_links":{"self":[{"href":"https:\/\/pymessoft.com\/web\/wp-json\/wp\/v2\/product\/492","targetHints":{"allow":["GET"]}}],"collection":[{"href":"https:\/\/pymessoft.com\/web\/wp-json\/wp\/v2\/product"}],"about":[{"href":"https:\/\/pymessoft.com\/web\/wp-json\/wp\/v2\/types\/product"}],"replies":[{"embeddable":true,"href":"https:\/\/pymessoft.com\/web\/wp-json\/wp\/v2\/comments?post=492"}],"wp:featuredmedia":[{"embeddable":true,"href":"https:\/\/pymessoft.com\/web\/wp-json\/wp\/v2\/media\/2378"}],"wp:attachment":[{"href":"https:\/\/pymessoft.com\/web\/wp-json\/wp\/v2\/media?parent=492"}],"wp:term":[{"taxonomy":"product_brand","embeddable":true,"href":"https:\/\/pymessoft.com\/web\/wp-json\/wp\/v2\/product_brand?post=492"},{"taxonomy":"product_cat","embeddable":true,"href":"https:\/\/pymessoft.com\/web\/wp-json\/wp\/v2\/product_cat?post=492"},{"taxonomy":"product_tag","embeddable":true,"href":"https:\/\/pymessoft.com\/web\/wp-json\/wp\/v2\/product_tag?post=492"}],"curies":[{"name":"wp","href":"https:\/\/api.w.org\/{rel}","templated":true}]}}